{"id":6178,"date":"2020-08-27T21:27:45","date_gmt":"2020-08-27T19:27:45","guid":{"rendered":"http:\/\/5.44.107.210\/wordpress\/?page_id=6178"},"modified":"2020-10-21T22:48:45","modified_gmt":"2020-10-21T20:48:45","slug":"impressum","status":"publish","type":"page","link":"https:\/\/lkw-teile-truckmotive.de\/index.php\/impressum","title":{"rendered":"Impressum"},"content":{"rendered":"\t\t<div data-elementor-type=\"wp-page\" data-elementor-id=\"6178\" class=\"elementor elementor-6178\" data-elementor-settings=\"[]\">\n\t\t\t\t\t\t<div class=\"elementor-inner\">\n\t\t\t\t\t\t\t<div class=\"elementor-section-wrap\">\n\t\t\t\t\t\t\t<section class=\"elementor-section elementor-top-section elementor-element elementor-element-24c74ce elementor-section-full_width elementor-section-height-default elementor-section-height-default\" data-id=\"24c74ce\" data-element_type=\"section\" data-settings=\"{&quot;background_background&quot;:&quot;classic&quot;}\">\n\t\t\t\t\t\t<div class=\"elementor-container elementor-column-gap-default\">\n\t\t\t\t\t\t\t<div class=\"elementor-row\">\n\t\t\t\t\t<div class=\"elementor-column elementor-col-100 elementor-top-column elementor-element elementor-element-52dfea6\" data-id=\"52dfea6\" data-element_type=\"column\">\n\t\t\t<div class=\"elementor-column-wrap elementor-element-populated\">\n\t\t\t\t\t\t\t<div class=\"elementor-widget-wrap\">\n\t\t\t\t\t\t<div class=\"elementor-element elementor-element-15016ac elementor-widget elementor-widget-heading\" data-id=\"15016ac\" data-element_type=\"widget\" data-widget_type=\"heading.default\">\n\t\t\t\t<div class=\"elementor-widget-container\">\n\t\t\t<h1 class=\"elementor-heading-title elementor-size-default\">Impressum<\/h1>\t\t<\/div>\n\t\t\t\t<\/div>\n\t\t\t\t\t\t<\/div>\n\t\t\t\t\t<\/div>\n\t\t<\/div>\n\t\t\t\t\t\t\t\t<\/div>\n\t\t\t\t\t<\/div>\n\t\t<\/section>\n\t\t\t\t<section class=\"elementor-section elementor-top-section elementor-element elementor-element-18fe7bc elementor-section-boxed elementor-section-height-default elementor-section-height-default\" data-id=\"18fe7bc\" data-element_type=\"section\">\n\t\t\t\t\t\t<div class=\"elementor-container elementor-column-gap-default\">\n\t\t\t\t\t\t\t<div class=\"elementor-row\">\n\t\t\t\t\t<div class=\"elementor-column elementor-col-100 elementor-top-column elementor-element elementor-element-1802dfd\" data-id=\"1802dfd\" data-element_type=\"column\">\n\t\t\t<div class=\"elementor-column-wrap elementor-element-populated\">\n\t\t\t\t\t\t\t<div class=\"elementor-widget-wrap\">\n\t\t\t\t\t\t<div class=\"elementor-element elementor-element-b56c6d6 elementor-widget elementor-widget-text-editor\" data-id=\"b56c6d6\" data-element_type=\"widget\" data-widget_type=\"text-editor.default\">\n\t\t\t\t<div class=\"elementor-widget-container\">\n\t\t\t\t\t\t\t\t<div class=\"elementor-text-editor elementor-clearfix\">\n\t\t\t\t\t<p><br \/><strong>Truckmotive GmbH<\/strong><br \/>Welschenkamp 18<br \/>47138 Duisburg<br \/>Deutschland<br \/><br \/><\/p><p>Lager:<br \/>Duisburger Stra\u00dfe 309<br \/>46049 Oberhausen<br \/><br \/>Telefon: 0049 (0)157 387 624 55<br \/>E-Mail: hallo@truckmotive.de<br \/><br \/><strong>Gesch\u00e4ftsf\u00fchrer<\/strong><br \/>Daniel Fiedler<br \/><br \/><strong>Handelsregister<\/strong><br \/>Amtsgericht Duisburg HRB 31211<br \/><br \/><\/p><p><strong>Umsatzsteuer-Identifikationsnummer gem\u00e4\u00df \u00a7 27 a Umsatzsteuergesetz:<\/strong><br \/>DE 321000606<br \/><br \/><\/p><p>Plattform der EU-Kommission zur Online-Streitbeilegung:<br \/><a href=\"https:\/\/ec.europa.eu\/odr\"><br \/>https:\/\/ec.europa.eu\/odr<br \/><\/a><br \/><br \/>Wir sind zur Teilnahme an einem Streitbeilegungsverfahren vor einer Verbraucherschlichtungsstelle weder verpflichtet noch bereit.<br \/><br \/><br \/><strong>Inhaltlich Verantwortlicher gem\u00e4\u00df \u00a7 55 Abs. 2 RStV<\/strong><br \/>Daniel Fiedler<br \/>Truckmotive GmbH<br \/>Welschenkamp 18<br \/>47138 Duisburg<br \/>Deutschland<br \/><br \/><\/p>\t\t\t\t\t<\/div>\n\t\t\t\t\t\t<\/div>\n\t\t\t\t<\/div>\n\t\t\t\t\t\t<\/div>\n\t\t\t\t\t<\/div>\n\t\t<\/div>\n\t\t\t\t\t\t\t\t<\/div>\n\t\t\t\t\t<\/div>\n\t\t<\/section>\n\t\t\t\t<section class=\"elementor-section elementor-top-section elementor-element elementor-element-da8b314 elementor-section-boxed elementor-section-height-default elementor-section-height-default\" data-id=\"da8b314\" data-element_type=\"section\" data-settings=\"{&quot;background_background&quot;:&quot;classic&quot;}\">\n\t\t\t\t\t\t<div class=\"elementor-container elementor-column-gap-default\">\n\t\t\t\t\t\t\t<div class=\"elementor-row\">\n\t\t\t\t\t<div class=\"elementor-column elementor-col-100 elementor-top-column elementor-element elementor-element-cd93130\" data-id=\"cd93130\" data-element_type=\"column\">\n\t\t\t<div class=\"elementor-column-wrap elementor-element-populated\">\n\t\t\t\t\t\t\t<div class=\"elementor-widget-wrap\">\n\t\t\t\t\t\t<div class=\"elementor-element elementor-element-c27e73a elementor-widget elementor-widget-heading\" data-id=\"c27e73a\" data-element_type=\"widget\" data-widget_type=\"heading.default\">\n\t\t\t\t<div class=\"elementor-widget-container\">\n\t\t\t<h1 class=\"elementor-heading-title elementor-size-default\">Quellen<\/h1>\t\t<\/div>\n\t\t\t\t<\/div>\n\t\t\t\t\t\t<\/div>\n\t\t\t\t\t<\/div>\n\t\t<\/div>\n\t\t\t\t\t\t\t\t<\/div>\n\t\t\t\t\t<\/div>\n\t\t<\/section>\n\t\t\t\t<section class=\"elementor-section elementor-top-section elementor-element elementor-element-e68836a elementor-section-boxed elementor-section-height-default elementor-section-height-default\" data-id=\"e68836a\" data-element_type=\"section\">\n\t\t\t\t\t\t<div class=\"elementor-container elementor-column-gap-default\">\n\t\t\t\t\t\t\t<div class=\"elementor-row\">\n\t\t\t\t\t<div class=\"elementor-column elementor-col-100 elementor-top-column elementor-element elementor-element-a9e9ee7\" data-id=\"a9e9ee7\" data-element_type=\"column\">\n\t\t\t<div class=\"elementor-column-wrap elementor-element-populated\">\n\t\t\t\t\t\t\t<div class=\"elementor-widget-wrap\">\n\t\t\t\t\t\t<div class=\"elementor-element elementor-element-78d29e6 elementor-widget elementor-widget-text-editor\" data-id=\"78d29e6\" data-element_type=\"widget\" data-widget_type=\"text-editor.default\">\n\t\t\t\t<div class=\"elementor-widget-container\">\n\t\t\t\t\t\t\t\t<div class=\"elementor-text-editor elementor-clearfix\">\n\t\t\t\t\t<p><br \/><span style=\"font-size: small;\">Icons von <a href=\"https:\/\/www.freepik.com\/\">Freepik<\/a> von <a href=\"https:\/\/www.flaticon.com\/\">www.flaticon.com<\/a> ist lizensiert durch <a href=\"http:\/\/creativecommons.org\/licenses\/by\/3.0\/\">CC 3.0 BY<\/a><br \/>Icons von <a href=\"https:\/\/www.flaticon.com\/authors\/kirill-kazachek\">Kirill Kazachek<\/a> von <a href=\"https:\/\/www.flaticon.com\/\">www.flaticon.com<\/a> ist lizensiert durch <a href=\"http:\/\/creativecommons.org\/licenses\/by\/3.0\/\">CC 3.0 BY<\/a><br \/>Icons von <a href=\"https:\/\/thenounproject.com\/eucalyp\">Qucalyp<\/a> von <a href=\"https:\/\/thenounproject.com\">www.thenounproject.com<\/a> ist lizensiert durch <a href=\"http:\/\/creativecommons.org\/licenses\/by\/3.0\/\">CC 3.0 BY<\/a><br \/>Icons von <a href=\"https:\/\/www.flaticon.com\/authors\/smashicons\">Smashicons<\/a> von <a href=\"https:\/\/www.flaticon.com\/\">www.flaticon.com<\/a> ist lizensiert durch <a href=\"http:\/\/creativecommons.org\/licenses\/by\/3.0\/\">CC 3.0 BY<\/a><br \/>Icons von <a href=\"https:\/\/www.flaticon.com\/authors\/mynamepong\">mynamepong<\/a> von <a href=\"https:\/\/www.flaticon.com\/\">www.flaticon.com<\/a> ist lizensiert durch <a href=\"http:\/\/creativecommons.org\/licenses\/by\/3.0\/\">CC 3.0 BY<\/a><br \/>Icons von <a href=\"https:\/\/thenounproject.com\/andrejs\">Andrejs Kirma<\/a> von <a href=\"https:\/\/thenounproject.com\">www.thenounproject.com<\/a> ist lizensiert durch <a href=\"http:\/\/creativecommons.org\/licenses\/by\/3.0\/\">CC 3.0 BY<\/a><br \/>Icons von <a href=\"https:\/\/thenounproject.com\/yumminky\/\">Juraj Sedl\u00e1k<\/a> von <a href=\"https:\/\/thenounproject.com\">www.thenounproject.com<\/a> ist lizensiert durch <a href=\"http:\/\/creativecommons.org\/licenses\/by\/3.0\/\">CC 3.0 BY<\/a><br \/>Icons von <a href=\"https:\/\/thenounproject.com\/pronoun\/\">Anbileru Adaleru<\/a> von <a href=\"https:\/\/thenounproject.com\">www.thenounproject.com<\/a> ist lizensiert durch <a href=\"http:\/\/creativecommons.org\/licenses\/by\/3.0\/\">CC 3.0 BY<\/a><br \/>Icons von <a href=\"https:\/\/thenounproject.com\/duyhung7689\/\">Pham Duy Phuong Hung<\/a> von <a href=\"https:\/\/thenounproject.com\">www.thenounproject.com<\/a> ist lizensiert durch <a href=\"http:\/\/creativecommons.org\/licenses\/by\/3.0\/\">CC 3.0 BY<\/a><br \/>Icons von <a href=\"https:\/\/www.flaticon.com\/authors\/srip\">Srip<\/a> von <a href=\"https:\/\/www.flaticon.com\/\">www.flaticon.com<\/a> ist lizensiert durch <a href=\"http:\/\/creativecommons.org\/licenses\/by\/3.0\/\">CC 3.0 BY<\/a><br \/>Icons von <a href=\"https:\/\/thenounproject.com\/WSD\">Anton Gajdosik<\/a> von <a href=\"https:\/\/thenounproject.com\">www.thenounproject.com<\/a> ist lizensiert durch <a href=\"http:\/\/creativecommons.org\/licenses\/by\/3.0\/\">CC 3.0 BY<\/a><br \/>Icons von <a href=\"https:\/\/thenounproject.com\/everydaytemplate\/\">Danil Polshin<\/a> von <a href=\"https:\/\/thenounproject.com\">www.thenounproject.com<\/a> ist lizensiert durch <a href=\"http:\/\/creativecommons.org\/licenses\/by\/3.0\/\">CC 3.0 BY<\/a><br \/>Icons von <a href=\"https:\/\/www.flaticon.com\/authors\/pause08\">Pause08<\/a> von <a href=\"https:\/\/www.flaticon.com\/\">www.flaticon.com<\/a> ist lizensiert durch <a href=\"http:\/\/creativecommons.org\/licenses\/by\/3.0\/\">CC 3.0 BY<\/a><br \/>Icons von <a href=\"https:\/\/www.flaticon.com\/authors\/good-ware\">Good Ware<\/a> von <a href=\"https:\/\/www.flaticon.com\/\">www.flaticon.com<\/a> ist lizensiert durch <a href=\"http:\/\/creativecommons.org\/licenses\/by\/3.0\/\">CC 3.0 BY<\/a><\/span><br \/><br \/><\/p>\t\t\t\t\t<\/div>\n\t\t\t\t\t\t<\/div>\n\t\t\t\t<\/div>\n\t\t\t\t\t\t<\/div>\n\t\t\t\t\t<\/div>\n\t\t<\/div>\n\t\t\t\t\t\t\t\t<\/div>\n\t\t\t\t\t<\/div>\n\t\t<\/section>\n\t\t\t\t\t\t<\/div>\n\t\t\t\t\t\t<\/div>\n\t\t\t\t\t<\/div>\n\t\t","protected":false},"excerpt":{"rendered":"<p>Impressum Truckmotive GmbH Welschenkamp 18 47138 Duisburg Deutschland Lager: Duisburger Stra\u00dfe 309 46049 Oberhausen Telefon: 0049 (0)157 387 624 55 E-Mail: hallo@truckmotive.de Gesch\u00e4ftsf\u00fchrer Daniel Fiedler Handelsregister Amtsgericht Duisburg HRB 31211 Umsatzsteuer-Identifikationsnummer gem\u00e4\u00df \u00a7 27 a Umsatzsteuergesetz: DE 321000606 Plattform der EU-Kommission zur Online-Streitbeilegung: https:\/\/ec.europa.eu\/odr Wir sind zur Teilnahme an einem Streitbeilegungsverfahren vor einer Verbraucherschlichtungsstelle weder&hellip;<\/p>\n","protected":false},"author":1,"featured_media":0,"parent":0,"menu_order":0,"comment_status":"closed","ping_status":"closed","template":"","meta":[],"_links":{"self":[{"href":"https:\/\/lkw-teile-truckmotive.de\/index.php\/wp-json\/wp\/v2\/pages\/6178"}],"collection":[{"href":"https:\/\/lkw-teile-truckmotive.de\/index.php\/wp-json\/wp\/v2\/pages"}],"about":[{"href":"https:\/\/lkw-teile-truckmotive.de\/index.php\/wp-json\/wp\/v2\/types\/page"}],"author":[{"embeddable":true,"href":"https:\/\/lkw-teile-truckmotive.de\/index.php\/wp-json\/wp\/v2\/users\/1"}],"replies":[{"embeddable":true,"href":"https:\/\/lkw-teile-truckmotive.de\/index.php\/wp-json\/wp\/v2\/comments?post=6178"}],"version-history":[{"count":0,"href":"https:\/\/lkw-teile-truckmotive.de\/index.php\/wp-json\/wp\/v2\/pages\/6178\/revisions"}],"wp:attachment":[{"href":"https:\/\/lkw-teile-truckmotive.de\/index.php\/wp-json\/wp\/v2\/media?parent=6178"}],"curies":[{"name":"wp","href":"https:\/\/api.w.org\/{rel}","templated":true}]}}