{"id":6203,"date":"2020-08-27T21:34:27","date_gmt":"2020-08-27T19:34:27","guid":{"rendered":"http:\/\/5.44.107.210\/wordpress\/?page_id=6203"},"modified":"2020-10-21T22:50:40","modified_gmt":"2020-10-21T20:50:40","slug":"zahlung-versand","status":"publish","type":"page","link":"https:\/\/lkw-teile-truckmotive.de\/index.php\/zahlung-versand","title":{"rendered":"Versand &#038; Zahlung"},"content":{"rendered":"\t\t<div data-elementor-type=\"wp-page\" data-elementor-id=\"6203\" class=\"elementor elementor-6203\" data-elementor-settings=\"[]\">\n\t\t\t\t\t\t<div class=\"elementor-inner\">\n\t\t\t\t\t\t\t<div class=\"elementor-section-wrap\">\n\t\t\t\t\t\t\t<section class=\"elementor-section elementor-top-section elementor-element elementor-element-0f52fd2 elementor-section-full_width elementor-section-height-default elementor-section-height-default\" data-id=\"0f52fd2\" data-element_type=\"section\" data-settings=\"{&quot;background_background&quot;:&quot;classic&quot;}\">\n\t\t\t\t\t\t<div class=\"elementor-container elementor-column-gap-default\">\n\t\t\t\t\t\t\t<div class=\"elementor-row\">\n\t\t\t\t\t<div class=\"elementor-column elementor-col-100 elementor-top-column elementor-element elementor-element-da4b079\" data-id=\"da4b079\" data-element_type=\"column\">\n\t\t\t<div class=\"elementor-column-wrap elementor-element-populated\">\n\t\t\t\t\t\t\t<div class=\"elementor-widget-wrap\">\n\t\t\t\t\t\t<div class=\"elementor-element elementor-element-35dd61c elementor-widget elementor-widget-heading\" data-id=\"35dd61c\" data-element_type=\"widget\" data-widget_type=\"heading.default\">\n\t\t\t\t<div class=\"elementor-widget-container\">\n\t\t\t<h1 class=\"elementor-heading-title elementor-size-default\">Versand &amp; Zahlung<\/h1>\t\t<\/div>\n\t\t\t\t<\/div>\n\t\t\t\t\t\t<\/div>\n\t\t\t\t\t<\/div>\n\t\t<\/div>\n\t\t\t\t\t\t\t\t<\/div>\n\t\t\t\t\t<\/div>\n\t\t<\/section>\n\t\t\t\t<section class=\"elementor-section elementor-top-section elementor-element elementor-element-98dd59d elementor-section-boxed elementor-section-height-default elementor-section-height-default\" data-id=\"98dd59d\" data-element_type=\"section\">\n\t\t\t\t\t\t<div class=\"elementor-container elementor-column-gap-default\">\n\t\t\t\t\t\t\t<div class=\"elementor-row\">\n\t\t\t\t\t<div class=\"elementor-column elementor-col-100 elementor-top-column elementor-element elementor-element-ce339e2\" data-id=\"ce339e2\" data-element_type=\"column\">\n\t\t\t<div class=\"elementor-column-wrap elementor-element-populated\">\n\t\t\t\t\t\t\t<div class=\"elementor-widget-wrap\">\n\t\t\t\t\t\t<div class=\"elementor-element elementor-element-21b91ae elementor-widget elementor-widget-spacer\" data-id=\"21b91ae\" data-element_type=\"widget\" data-widget_type=\"spacer.default\">\n\t\t\t\t<div class=\"elementor-widget-container\">\n\t\t\t\t\t<div class=\"elementor-spacer\">\n\t\t\t<div class=\"elementor-spacer-inner\"><\/div>\n\t\t<\/div>\n\t\t\t\t<\/div>\n\t\t\t\t<\/div>\n\t\t\t\t\t\t<\/div>\n\t\t\t\t\t<\/div>\n\t\t<\/div>\n\t\t\t\t\t\t\t\t<\/div>\n\t\t\t\t\t<\/div>\n\t\t<\/section>\n\t\t\t\t<section class=\"elementor-section elementor-top-section elementor-element elementor-element-c9f4517 elementor-section-boxed elementor-section-height-default elementor-section-height-default\" data-id=\"c9f4517\" data-element_type=\"section\">\n\t\t\t\t\t\t<div class=\"elementor-container elementor-column-gap-default\">\n\t\t\t\t\t\t\t<div class=\"elementor-row\">\n\t\t\t\t\t<div class=\"elementor-column elementor-col-100 elementor-top-column elementor-element elementor-element-4a63b3a\" data-id=\"4a63b3a\" data-element_type=\"column\">\n\t\t\t<div class=\"elementor-column-wrap elementor-element-populated\">\n\t\t\t\t\t\t\t<div class=\"elementor-widget-wrap\">\n\t\t\t\t\t\t<div class=\"elementor-element elementor-element-41a70b8 elementor-widget elementor-widget-text-editor\" data-id=\"41a70b8\" data-element_type=\"widget\" data-widget_type=\"text-editor.default\">\n\t\t\t\t<div class=\"elementor-widget-container\">\n\t\t\t\t\t\t\t\t<div class=\"elementor-text-editor elementor-clearfix\">\n\t\t\t\t\t<div id=\"12345\" style=\"font-size: large; color: black;\">\n<div>\n<h3>I. Versandbedingungen (alle Angaben inklusive gesetzlicher Mehrwertsteuer)<\/h3>\n<div style=\"text-align: justify;\">Aktuell versenden wir unsere Waren <b>nur innerhalb Deutschlands<\/b>.\nSollten Sie den Versand in ein anderes Land w\u00fcnschen, dann schreiben Sie uns bitte vor einer Bestellung eine E-Mail (info@truckmotive.de) und nennen Sie uns bitte den Artikel mit der Menge und der Lieferadresse mit dem Land und der entsprechenden Postleitzahl. Wir werden Ihnen dann kurzfristig mitteilen, ob wir auch in das gew\u00fcnschte Land versenden k\u00f6nnen und Ihnen \u2013 sollte eine Lieferung an die gew\u00fcnschte Lieferadresse m\u00f6glich sein &#8211; die Versandkosten mitteilen, da wir die Versandm\u00f6glichkeit und die Kosten vorab bei unserem Versandpartner erfragen m\u00fcssen.<\/div><br>\n<div style=\"text-align: justify;\"><b>ACHTUNG<\/b>: Die Versandkosten setzen sich automatisch aus den h\u00f6chsten Versandkosten zusammen. Wenn Sie einen Artikel &#8222;Paketversand&#8220; zusammen mit einem Artikel &#8222;Speditionsversand&#8220; erwerben, f\u00e4llt <b>nur<\/b> der h\u00f6here Preis f\u00fcr den Speditionsversand an. Wenn Sie mehrere Artikel mit &#8222;Paketversand&#8220; erwerben wird das Gesamtgewicht errechnet (Bsp: 2x Artikel mit je 2kg und 1x Artikel mit 19kg ergibt ein Versandgewicht von 23kg)<\/div>\n<h4>Paketversand<\/h4>\n<ul>\n \t<li>bis 3kg Versandgewicht &#8211; 5,5 EUR<\/li>\n \t<li>von 3kg bis 5kg Versandgewicht &#8211; 6,2 EUR<\/li>\n \t<li>von 5kg bis 10kg Versandgewicht &#8211; 6,7 EUR<\/li>\n \t<li>von 10kg bis 30kg Versandgewicht &#8211; 8,5 EUR<\/li>\n \t<li>von 30kg bis 40kg Versandgewicht &#8211; 11,9 EUR<\/li>\n \t<li>von 40kg bis 50kg Versandgewicht &#8211; 13,9 EUR<\/li>\n \t<li>von 50kg bis 60kg Versandgewicht &#8211; 15,9 EUR<\/li>\n \t<li>ab 60kg Versandgewicht &#8211; 28 EUR<\/li>\n<\/ul>\n<div style=\"padding-top: 20px;\">\n\nDie Lieferzeit betr\u00e4gt in der Regel <b>1-3 Werktage<\/b>. Der Versand erfolgt aktuell mit DHL oder DPD.\nBei der Lieferung auf deutsche Inseln wird ein Inselzuschlag von 13,9 EUR auf die Versandkosten erhoben.\n<div style=\"padding-top: 4px;\">\n\nWir bem\u00fchen uns stets die Versandkonditionen f\u00fcr Sie zu verbessern. Ebenso geben wir die Versandkosten so gut wie m\u00f6glich an Sie weiter.\n<h4>Speditionsversand<\/h4>\n<div style=\"text-align: justify;\">Ware, die wegen Ihrer Gr\u00f6\u00dfe oder Gewicht ausschlie\u00dflich per Spedition geliefert werden kann, versenden wir zu einem Pauschalpreis von 79 EUR. Selbstverst\u00e4ndlich k\u00f6nnen Sie solche Waren auch von <b>Ihrer Spedition abholen lassen.<\/b> Hierf\u00fcr f\u00e4llt eine Pauschale von 10 EUR an (f\u00fcr Palette und Versandmaterial). Wir verpacken die Ware und informieren Sie dann \u00fcber Ma\u00dfe und Gewicht. Senden Sie uns nach dem Kauf ggf. das Versandlabel Ihres Spediteurs zu. Die Abholadresse lautet:<\/div>\n<div style=\"padding-top: 20px;\">Truckmotive GmbH\nDuisburger Str. 309\n46049 Oberhausen\n<h4>Weitere Fragen<\/h4>\nF\u00fcr alle weiteren Fragen oder Sonderw\u00fcnsche kontakieren Sie uns unter:\n\nTelefon: 0203 39 44 85 05\nMail: info@truckmotive.de\n\n<b>Sprechen Sie uns an! Wir sind flexibel.<\/b>\n<h3>II. Zahlungsbedingungen<\/h3>\nAktuell stehen Ihnen folgende Zahlungsm\u00f6glichkeiten zur Verf\u00fcgung:\n<ul>\n \t<li style=\"list-style-type: none;\">\n<ul>\n \t<li>Zahlung per Paypal<\/li>\n<\/ul>\n<\/li>\n<\/ul>\nNur wenige Schritte zur Zahlung:\n1. W\u00e4hlen Sie an der Kasse \u201ePayPal\u201c als Zahlungsmethode.\n2. Um die Bezahlung abzuwickeln, werden Sie auf die PayPal-Website weitergeleitet.\n3. Wenn Sie bereits Kunde bei PayPal sind, k\u00f6nnen Sie sich mit Ihren PayPal-Benutzerdaten anmelden und die Zahlung veranlassen.\nFalls Sie noch kein PayPal-Konto haben, k\u00f6nnen Sie ein PayPal-Konto erstellen und dann die Zahlung best\u00e4tigen.\n4. Danach werden Sie zu uns (<a href=\"www.lkw-teile-truckmotive.de\">www.lkw-teile-truckmotive.de<\/a>) zur\u00fcckgeleitet.\n<ul>\n \t<li style=\"list-style-type: none;\">\n<ul>\n \t<li>Zahlung per \u00dcberweisung<\/li>\n<\/ul>\n<\/li>\n<\/ul>\n\u00dcberweisen Sie uns den Rechnungsbetrag unter Angabe des Verwendungszwecks bequem auf unser Bankkonto innerhalb von 7 Tagen. Unsere Bankverbindung sowie den \u00dcberweisungszweck teilen wir Ihnen im Rahmen der Bestellabwicklung gesondert per E-Mail mit.\n<ul>\n \t<li style=\"list-style-type: none;\">\n<ul>\n \t<li>Barzahlung bei Abholung<\/li>\n<\/ul>\n<\/li>\n<\/ul>\nSie holen die Ware selbst bei uns ab und zahlen vor Ort in bar. Wir informieren Sie zun\u00e4chst per E-Mail dar\u00fcber, dass die von Ihnen bestellte Ware zur Abholung bereit steht. Nach Erhalt dieser E-Mail k\u00f6nnen Sie die Ware nach Terminsabsprache unter folgender Adresse abholen:\n<br><br>\n<b>Truckmotive GmbH<\/b><br>\nDuisburger Str. 309<br>\n46049 Oberhausen<br>\nDeutschland<br>\n<br>\nIn diesem Fall werden keine Versandkosten berechnet.\n\n<\/div>\n<\/div>\n<\/div>\n<\/div>\n<\/div>\t\t\t\t\t<\/div>\n\t\t\t\t\t\t<\/div>\n\t\t\t\t<\/div>\n\t\t\t\t\t\t<\/div>\n\t\t\t\t\t<\/div>\n\t\t<\/div>\n\t\t\t\t\t\t\t\t<\/div>\n\t\t\t\t\t<\/div>\n\t\t<\/section>\n\t\t\t\t<section class=\"elementor-section elementor-top-section elementor-element elementor-element-df9afe9 elementor-section-boxed elementor-section-height-default elementor-section-height-default\" data-id=\"df9afe9\" data-element_type=\"section\">\n\t\t\t\t\t\t<div class=\"elementor-container elementor-column-gap-default\">\n\t\t\t\t\t\t\t<div class=\"elementor-row\">\n\t\t\t\t\t<div class=\"elementor-column elementor-col-100 elementor-top-column elementor-element elementor-element-347cbdd\" data-id=\"347cbdd\" data-element_type=\"column\">\n\t\t\t<div class=\"elementor-column-wrap elementor-element-populated\">\n\t\t\t\t\t\t\t<div class=\"elementor-widget-wrap\">\n\t\t\t\t\t\t<div class=\"elementor-element elementor-element-f6b9b83 elementor-widget elementor-widget-spacer\" data-id=\"f6b9b83\" data-element_type=\"widget\" data-widget_type=\"spacer.default\">\n\t\t\t\t<div class=\"elementor-widget-container\">\n\t\t\t\t\t<div class=\"elementor-spacer\">\n\t\t\t<div class=\"elementor-spacer-inner\"><\/div>\n\t\t<\/div>\n\t\t\t\t<\/div>\n\t\t\t\t<\/div>\n\t\t\t\t\t\t<\/div>\n\t\t\t\t\t<\/div>\n\t\t<\/div>\n\t\t\t\t\t\t\t\t<\/div>\n\t\t\t\t\t<\/div>\n\t\t<\/section>\n\t\t\t\t\t\t<\/div>\n\t\t\t\t\t\t<\/div>\n\t\t\t\t\t<\/div>\n\t\t","protected":false},"excerpt":{"rendered":"<p>Versand &amp; Zahlung I. Versandbedingungen (alle Angaben inklusive gesetzlicher Mehrwertsteuer) Aktuell versenden wir unsere Waren nur innerhalb Deutschlands. Sollten Sie den Versand in ein anderes Land w\u00fcnschen, dann schreiben Sie uns bitte vor einer Bestellung eine E-Mail (info@truckmotive.de) und nennen Sie uns bitte den Artikel mit der Menge und der Lieferadresse mit dem Land und&hellip;<\/p>\n","protected":false},"author":1,"featured_media":0,"parent":0,"menu_order":0,"comment_status":"closed","ping_status":"closed","template":"","meta":[],"_links":{"self":[{"href":"https:\/\/lkw-teile-truckmotive.de\/index.php\/wp-json\/wp\/v2\/pages\/6203"}],"collection":[{"href":"https:\/\/lkw-teile-truckmotive.de\/index.php\/wp-json\/wp\/v2\/pages"}],"about":[{"href":"https:\/\/lkw-teile-truckmotive.de\/index.php\/wp-json\/wp\/v2\/types\/page"}],"author":[{"embeddable":true,"href":"https:\/\/lkw-teile-truckmotive.de\/index.php\/wp-json\/wp\/v2\/users\/1"}],"replies":[{"embeddable":true,"href":"https:\/\/lkw-teile-truckmotive.de\/index.php\/wp-json\/wp\/v2\/comments?post=6203"}],"version-history":[{"count":0,"href":"https:\/\/lkw-teile-truckmotive.de\/index.php\/wp-json\/wp\/v2\/pages\/6203\/revisions"}],"wp:attachment":[{"href":"https:\/\/lkw-teile-truckmotive.de\/index.php\/wp-json\/wp\/v2\/media?parent=6203"}],"curies":[{"name":"wp","href":"https:\/\/api.w.org\/{rel}","templated":true}]}}