{"id":140957,"date":"2025-02-14T11:05:06","date_gmt":"2025-02-14T10:05:06","guid":{"rendered":"https:\/\/lkw-teile-truckmotive.de\/index.php\/produkt\/ventil-relaisventil-vgl-9730010200-passt-fuer-diverse-lkws-daf-iveco-man-mercedes-benz-renault-trucks-scania-volvo"},"modified":"2025-07-21T00:01:04","modified_gmt":"2025-07-20T22:01:04","slug":"ventil-relaisventil-vgl-9730010200-passt-fuer-diverse-lkws-daf-iveco-man-mercedes-benz-renault-trucks-scania-volvo","status":"publish","type":"product","link":"https:\/\/lkw-teile-truckmotive.de\/index.php\/produkt\/ventil-relaisventil-vgl-9730010200-passt-fuer-diverse-lkws-daf-iveco-man-mercedes-benz-renault-trucks-scania-volvo","title":{"rendered":"Ventil Relaisventil vgl. 9730010200 passt f\u00fcr diverse LKW\u00b4s DAF, Iveco, Man, Mercedes-Benz, Renault-Trucks, Scania, Volvo"},"content":{"rendered":"<div style=\"font-size:15px\">\n<h4>Ventil Relaisventil vgl. 9730010200 passt f\u00fcr diverse LKW\u00b4s DAF, Iveco, Man, Mercedes-Benz, Renault-Trucks, Scania, Volvo<\/h4>\n<div class=\"table_info\">\n<p>Teblox Relaisventil<\/p>\n<table>\n<tbody>\n<tr>\n<td>Anschlusszahl<\/td>\n<td>4<\/td>\n<\/tr>\n<tr>\n<td>Gewindema\u00df 1<\/td>\n<td>M16 x 1,5<\/td>\n<\/tr>\n<tr>\n<td>Gewindema\u00df 2<\/td>\n<td>M22 x 1,5<\/td>\n<\/tr>\n<tr>\n<td>max. Betriebsdruck [bar]<\/td>\n<td>10<\/td>\n<\/tr>\n<\/tbody>\n<\/table>\n<\/p><\/div>\n<p>                <span style=\"font-size:1px;color:white\">LKW, NFZ, Ersatz, Teil, Ersatzteil, Austausch, Reparatur, Wartung, \u00dcberholung, Ventil, Relaisventil, ABS, Bel\u00fcften, Entl\u00fcften, Bremszylinder, Bremsen, Druckluft, Druckluftanlage, Notventil, Doppelfunktionsventil, Druckaufbau, <\/span><\/p>\n<h4>OE &amp; OEM Referenznummern:<\/h4>\n<p><a href=\"https:\/\/lkw-teile-truckmotive.de\/products\/3173150\">3173150<\/a>, <a href=\"https:\/\/lkw-teile-truckmotive.de\/products\/3173824\">3173824<\/a>, <a href=\"https:\/\/lkw-teile-truckmotive.de\/products\/1082666\">1082666<\/a>, <a href=\"https:\/\/lkw-teile-truckmotive.de\/products\/1606709\">1606709<\/a>, <a href=\"https:\/\/lkw-teile-truckmotive.de\/products\/3162118\">3162118<\/a>, <a href=\"https:\/\/lkw-teile-truckmotive.de\/products\/11117866\">11117866<\/a>, <a href=\"https:\/\/lkw-teile-truckmotive.de\/products\/1197892\">1197892<\/a>, <a href=\"https:\/\/lkw-teile-truckmotive.de\/products\/8551104\">8551104<\/a>, <a href=\"https:\/\/lkw-teile-truckmotive.de\/products\/200275\">200275<\/a>, <a href=\"https:\/\/lkw-teile-truckmotive.de\/products\/1519331\">1519331<\/a>, <a href=\"https:\/\/lkw-teile-truckmotive.de\/products\/1238501\">1238501<\/a>, <a href=\"https:\/\/lkw-teile-truckmotive.de\/products\/661693\">661693<\/a>, <a href=\"https:\/\/lkw-teile-truckmotive.de\/products\/396407\">396407<\/a>, <a href=\"https:\/\/lkw-teile-truckmotive.de\/products\/689331\">689331<\/a>, <a href=\"https:\/\/lkw-teile-truckmotive.de\/products\/759426\">759426<\/a>, <a href=\"https:\/\/lkw-teile-truckmotive.de\/products\/1506477\">1506477<\/a>, <a href=\"https:\/\/lkw-teile-truckmotive.de\/products\/0396407\">0396407<\/a>, <a href=\"https:\/\/lkw-teile-truckmotive.de\/products\/0759426\">0759426<\/a>, <a href=\"https:\/\/lkw-teile-truckmotive.de\/products\/1238474\">1238474<\/a>, <a href=\"https:\/\/lkw-teile-truckmotive.de\/products\/1238501R\">1238501R<\/a>, <a href=\"https:\/\/lkw-teile-truckmotive.de\/products\/1238501A\">1238501A<\/a>, <a href=\"https:\/\/lkw-teile-truckmotive.de\/products\/1238474R\">1238474R<\/a>, <a href=\"https:\/\/lkw-teile-truckmotive.de\/products\/1238474A\">1238474A<\/a>, <a href=\"https:\/\/lkw-teile-truckmotive.de\/products\/0759426R\">0759426R<\/a>, <a href=\"https:\/\/lkw-teile-truckmotive.de\/products\/0689331\">0689331<\/a>, <a href=\"https:\/\/lkw-teile-truckmotive.de\/products\/0661693\">0661693<\/a>, <a href=\"https:\/\/lkw-teile-truckmotive.de\/products\/6310237\">6310237<\/a>, <a href=\"https:\/\/lkw-teile-truckmotive.de\/products\/759426A\">759426A<\/a>, <a href=\"https:\/\/lkw-teile-truckmotive.de\/products\/759426R\">759426R<\/a>, <a href=\"https:\/\/lkw-teile-truckmotive.de\/products\/42125234\">42125234<\/a>, <a href=\"https:\/\/lkw-teile-truckmotive.de\/products\/5801101681\">5801101681<\/a>, <a href=\"https:\/\/lkw-teile-truckmotive.de\/products\/175565\">175565<\/a>, <a href=\"https:\/\/lkw-teile-truckmotive.de\/products\/945165\">945165<\/a>, <a href=\"https:\/\/lkw-teile-truckmotive.de\/products\/500945165\">500945165<\/a>, <a href=\"https:\/\/lkw-teile-truckmotive.de\/products\/505821202\">505821202<\/a>, <a href=\"https:\/\/lkw-teile-truckmotive.de\/products\/1322986\">1322986<\/a>, <a href=\"https:\/\/lkw-teile-truckmotive.de\/products\/579044\">579044<\/a>, <a href=\"https:\/\/lkw-teile-truckmotive.de\/products\/1935626\">1935626<\/a>, <a href=\"https:\/\/lkw-teile-truckmotive.de\/products\/1738439\">1738439<\/a>, <a href=\"https:\/\/lkw-teile-truckmotive.de\/products\/5010216845\">5010216845<\/a>, <a href=\"https:\/\/lkw-teile-truckmotive.de\/products\/5010045796\">5010045796<\/a>, <a href=\"https:\/\/lkw-teile-truckmotive.de\/products\/5021170453\">5021170453<\/a>, <a href=\"https:\/\/lkw-teile-truckmotive.de\/products\/5000546557\">5000546557<\/a>, <a href=\"https:\/\/lkw-teile-truckmotive.de\/products\/5021170464\">5021170464<\/a><\/p>\n<p><span style=\"font-size:12px\"><b>Hinweis: <\/b><br \/>Alle aufgef\u00fchrten Marken, Referenzen sowie Vergleichsnummern dienen lediglich dem Vergleichszweck.<br \/>\nDie angebotenen Artikel sind, sofern nicht anders angegeben, Nachbauteile in Erstausr\u00fcsterqualit\u00e4t.<\/span><\/p>\n<details>\n<summary style=\"cursor: pointer;color: #06c;font-size: 15px\">Herstellerinformation<\/summary>\n<div class=\"manufacturer-info\" style=\"padding: 10px;border: 1px solid #888;margin-top: 10px;background-color: #f9f9f9\">\n<p><b>Truckmotive GmbH<\/b><br \/>Welschenkamp 18<br \/>DE-47138 Duisburg &#8211; DE<br \/>Tel.: <br \/>Mail: hallo@truckmotive.de<\/p>\n<\/p><\/div>\n<\/details><\/div>\n","protected":false},"excerpt":{"rendered":"<div style=\"font-size:15px\">\n<p style=\"font-size:17px;color:black\"><b>Lieferumfang:<\/b><\/p>\n<p style=\"padding-top:6px\">1x Relaisventil<\/p>\n<p><\/br><\/p>\n<p style=\"font-size:17px;color:black\"><b>Passend f\u00fcr<\/b><\/p>\n<ul style=\"padding-top:6px\">\n\t\t\t\tDiverse Modelle von:<\/p>\n<li>DAF, Iveco, Man, Mercedes-Benz, Renault-Trucks, Scania, Volvo<\/li>\n<\/ul>\n<p><span style=\"font-size:12px\">Das Ersatzteil passt unter anderem f\u00fcr die oben genannten Modelle. Bitte pr\u00fcfen Sie die Ersatzteil-Nummer, um eine Fehlbestellung zu vermeiden. Nicht sicher, ob das Teil passt? Kontaktieren Sie uns!<\/span><\/p>\n<\/div>\n","protected":false},"featured_media":157861,"comment_status":"open","ping_status":"closed","template":"","meta":[],"_links":{"self":[{"href":"https:\/\/lkw-teile-truckmotive.de\/index.php\/wp-json\/wp\/v2\/product\/140957"}],"collection":[{"href":"https:\/\/lkw-teile-truckmotive.de\/index.php\/wp-json\/wp\/v2\/product"}],"about":[{"href":"https:\/\/lkw-teile-truckmotive.de\/index.php\/wp-json\/wp\/v2\/types\/product"}],"replies":[{"embeddable":true,"href":"https:\/\/lkw-teile-truckmotive.de\/index.php\/wp-json\/wp\/v2\/comments?post=140957"}],"wp:featuredmedia":[{"embeddable":true,"href":"https:\/\/lkw-teile-truckmotive.de\/index.php\/wp-json\/wp\/v2\/media\/157861"}],"wp:attachment":[{"href":"https:\/\/lkw-teile-truckmotive.de\/index.php\/wp-json\/wp\/v2\/media?parent=140957"}],"curies":[{"name":"wp","href":"https:\/\/api.w.org\/{rel}","templated":true}]}}