{"id":141541,"date":"2025-02-21T13:30:07","date_gmt":"2025-02-21T12:30:07","guid":{"rendered":"https:\/\/lkw-teile-truckmotive.de\/index.php\/produkt\/schnellverbindung-wabco-kupplungskopf-4528030050-duomatic-schnellkupplung-trailer"},"modified":"2026-01-04T12:17:06","modified_gmt":"2026-01-04T11:17:06","slug":"schnellverbindung-wabco-kupplungskopf-4528030050-duomatic-schnellkupplung-trailer","status":"publish","type":"product","link":"https:\/\/lkw-teile-truckmotive.de\/index.php\/produkt\/schnellverbindung-wabco-kupplungskopf-4528030050-duomatic-schnellkupplung-trailer","title":{"rendered":"Schnellverbindung Wabco Kupplungskopf 4528030050 Duomatic Schnellkupplung Trailer"},"content":{"rendered":"<div style=\"font-size:15px\">\n<h4>Schnellverbindung Wabco Kupplungskopf 4528030050 Duomatic Schnellkupplung Trailer<\/h4>\n<div class=\"table_info\">\n<p>WABCO Duomatic Kupplungskopf- Schnellkupplung<\/p>\n<table>\n<tbody>\n<tr>\n<td>Anwendung<\/td>\n<td>Trailer<\/td>\n<\/tr>\n<tr>\n<td>Au\u00dfengewinde<\/td>\n<td>M22 x 1,5<\/td>\n<\/tr>\n<tr>\n<td>Innengewindeanschl\u00fcsse<\/td>\n<td>M16 x1,5<\/td>\n<\/tr>\n<tr>\n<td>Version<\/td>\n<td>mit Hebel<\/td>\n<\/tr>\n<tr>\n<td>max. betriebsdruck<\/td>\n<td>10 bar<\/td>\n<\/tr>\n<\/tbody>\n<\/table>\n<\/p><\/div>\n<p>                <span style=\"font-size:1px;color:white\">2-Kreis, 2Kreis, Anh\u00e4ngerseitig, Bremsanlagen, Bremssystem, Druckluftanlagen, Druckluftbremsanlagen, Duo-Matic, f\u00fcr 2-Kreis Bremsanlagen, Kupplungskopf, Kupplungskopf f\u00fcr Duo-Matic, ohne Ventil, Universal, Kupplungskopf Duo-Matic f\u00fcr Sattelauflieger, Sattelauflieger, Handhebel, Duomatic, Duomatik, <\/span><\/p>\n<h4>OE &amp; OEM Referenznummern:<\/h4>\n<p><a href=\"https:\/\/lkw-teile-truckmotive.de\/products\/F005381\">F005381<\/a>, <a href=\"https:\/\/lkw-teile-truckmotive.de\/products\/1325338\">1325338<\/a>, <a href=\"https:\/\/lkw-teile-truckmotive.de\/products\/1505067\">1505067<\/a>, <a href=\"https:\/\/lkw-teile-truckmotive.de\/products\/7029480\">7029480<\/a>, <a href=\"https:\/\/lkw-teile-truckmotive.de\/products\/8283849000\">8283849000<\/a>, <a href=\"https:\/\/lkw-teile-truckmotive.de\/products\/151164\">151164<\/a>, <a href=\"https:\/\/lkw-teile-truckmotive.de\/products\/2113029\">2113029<\/a>, <a href=\"https:\/\/lkw-teile-truckmotive.de\/products\/S452-803-005-0\">S452-803-005-0<\/a>, <a href=\"https:\/\/lkw-teile-truckmotive.de\/products\/58091081\">58091081<\/a>, <a href=\"https:\/\/lkw-teile-truckmotive.de\/products\/5809108\">5809108<\/a>, <a href=\"https:\/\/lkw-teile-truckmotive.de\/products\/5058091081\">5058091081<\/a>, <a href=\"https:\/\/lkw-teile-truckmotive.de\/products\/505809108\">505809108<\/a>, <a href=\"https:\/\/lkw-teile-truckmotive.de\/products\/21151199012\">21151199012<\/a>, <a href=\"https:\/\/lkw-teile-truckmotive.de\/products\/1110973\">1110973<\/a>, <a href=\"https:\/\/lkw-teile-truckmotive.de\/products\/4110561\">4110561<\/a>, <a href=\"https:\/\/lkw-teile-truckmotive.de\/products\/B919025111601\">B919025111601<\/a>, <a href=\"https:\/\/lkw-teile-truckmotive.de\/products\/S4528030050\">S4528030050<\/a>, <a href=\"https:\/\/lkw-teile-truckmotive.de\/products\/307018\">307018<\/a>, <a href=\"https:\/\/lkw-teile-truckmotive.de\/products\/082745\">082745<\/a>, <a href=\"https:\/\/lkw-teile-truckmotive.de\/products\/462003\">462003<\/a>, <a href=\"https:\/\/lkw-teile-truckmotive.de\/products\/1325338\">1325338<\/a>, <a href=\"https:\/\/lkw-teile-truckmotive.de\/products\/S452-803-005-0\">S452-803-005-0<\/a>, <a href=\"https:\/\/lkw-teile-truckmotive.de\/products\/1912327\">1912327<\/a>, <a href=\"https:\/\/lkw-teile-truckmotive.de\/products\/1853176\">1853176<\/a>, <a href=\"https:\/\/lkw-teile-truckmotive.de\/products\/372434\">372434<\/a>, <a href=\"https:\/\/lkw-teile-truckmotive.de\/products\/051412\">051412<\/a>, <a href=\"https:\/\/lkw-teile-truckmotive.de\/products\/114071\">114071<\/a>, <a href=\"https:\/\/lkw-teile-truckmotive.de\/products\/20175\">20175<\/a>, <a href=\"https:\/\/lkw-teile-truckmotive.de\/products\/21151189012\">21151189012<\/a>, <a href=\"https:\/\/lkw-teile-truckmotive.de\/products\/637205410\">637205410<\/a>, <a href=\"https:\/\/lkw-teile-truckmotive.de\/products\/WA4528030050\">WA4528030050<\/a>, <a href=\"https:\/\/lkw-teile-truckmotive.de\/products\/8151956\">8151956<\/a>, <a href=\"https:\/\/lkw-teile-truckmotive.de\/products\/\"><\/a><\/p>\n<p><span style=\"font-size:12px\"><b>Hinweis: <\/b><br \/>Alle aufgef\u00fchrten Marken, Referenzen sowie Vergleichsnummern dienen lediglich dem Vergleichszweck.<br \/>\nDie angebotenen Artikel sind, sofern nicht anders angegeben, Nachbauteile in Erstausr\u00fcsterqualit\u00e4t.<\/span><\/p>\n<details>\n<summary style=\"cursor: pointer;color: #06c;font-size: 15px\">Herstellerinformation<\/summary>\n<div class=\"manufacturer-info\" style=\"padding: 10px;border: 1px solid #888;margin-top: 10px;background-color: #f9f9f9\">\n<p><b>ZF CV Systems Hannover GmbH Wabco<\/b><br \/>Am Lindener Hafen 21<br \/>DE-30453 Hannover &#8211; DE<br \/>Tel.: <br \/>Mail: direct.cvcs@tf.com<\/p>\n<\/p><\/div>\n<\/details><\/div>\n","protected":false},"excerpt":{"rendered":"<div style=\"font-size:15px\">\n<p style=\"font-size:17px;color:black\"><b>Lieferumfang:<\/b><\/p>\n<p style=\"padding-top:6px\">1x Schnellkupplung<\/p>\n<p><\/br><\/p>\n<p style=\"font-size:17px;color:black\"><b>Passend f\u00fcr<\/b><\/p>\n<ul style=\"padding-top:6px\">\n<li>Sattelauflieger ohne Ventile (Anh\u00e4ngerseitig)<\/li>\n<\/ul>\n<p><span style=\"font-size:12px\">Das Ersatzteil passt unter anderem f\u00fcr die oben genannten Modelle. Bitte pr\u00fcfen Sie die Ersatzteil-Nummer, um eine Fehlbestellung zu vermeiden. Nicht sicher, ob das Teil passt? Kontaktieren Sie uns!<\/span><\/p>\n<\/div>\n","protected":false},"featured_media":171250,"comment_status":"open","ping_status":"closed","template":"","meta":[],"_links":{"self":[{"href":"https:\/\/lkw-teile-truckmotive.de\/index.php\/wp-json\/wp\/v2\/product\/141541"}],"collection":[{"href":"https:\/\/lkw-teile-truckmotive.de\/index.php\/wp-json\/wp\/v2\/product"}],"about":[{"href":"https:\/\/lkw-teile-truckmotive.de\/index.php\/wp-json\/wp\/v2\/types\/product"}],"replies":[{"embeddable":true,"href":"https:\/\/lkw-teile-truckmotive.de\/index.php\/wp-json\/wp\/v2\/comments?post=141541"}],"wp:featuredmedia":[{"embeddable":true,"href":"https:\/\/lkw-teile-truckmotive.de\/index.php\/wp-json\/wp\/v2\/media\/171250"}],"wp:attachment":[{"href":"https:\/\/lkw-teile-truckmotive.de\/index.php\/wp-json\/wp\/v2\/media?parent=141541"}],"curies":[{"name":"wp","href":"https:\/\/api.w.org\/{rel}","templated":true}]}}