{"id":146084,"date":"2025-04-04T13:44:04","date_gmt":"2025-04-04T11:44:04","guid":{"rendered":"https:\/\/lkw-teile-truckmotive.de\/index.php\/produkt\/steckdose-aluminium-24v-7-pol-typ-s-iso-3731-mit-huelse-lkw-auflieger-anhaenger-universal-einsetzbar"},"modified":"2026-03-28T12:42:07","modified_gmt":"2026-03-28T11:42:07","slug":"steckdose-aluminium-24v-7-pol-typ-s-iso-3731-mit-huelse-lkw-auflieger-anhaenger-universal-einsetzbar","status":"publish","type":"product","link":"https:\/\/lkw-teile-truckmotive.de\/index.php\/produkt\/steckdose-aluminium-24v-7-pol-typ-s-iso-3731-mit-huelse-lkw-auflieger-anhaenger-universal-einsetzbar","title":{"rendered":"Steckdose Aluminium 24V 7-pol Typ S ISO 3731 mit H\u00fclse LKW Auflieger Anh\u00e4nger universal einsetzbar"},"content":{"rendered":"<div style=\"font-size:15px\">\n<h4>Steckdose Aluminium 24V 7-pol Typ S ISO 3731 mit H\u00fclse LKW Auflieger Anh\u00e4nger universal einsetzbar<\/h4>\n<div class=\"table_info\">\n<p>Teblox Steckdose<\/p>\n<table>\n<tbody>\n<tr>\n<td>Ausf\u00fchrung<\/td>\n<td>Typ S Kontakt 31 mit H\u00fclse<\/td>\n<\/tr>\n<tr>\n<td>Polanzahl<\/td>\n<td>7<\/td>\n<\/tr>\n<tr>\n<td>Spannung<\/td>\n<td>24 V<\/td>\n<\/tr>\n<tr>\n<td>Material<\/td>\n<td>Aluminium<\/td>\n<\/tr>\n<tr>\n<td>Norm<\/td>\n<td>nach ISO 3731<\/td>\n<\/tr>\n<tr>\n<td>Querschnittdurchmesser<\/td>\n<td>0,5mm\u00b2 bis 2,5mm\u00b2<\/td>\n<\/tr>\n<tr>\n<td>Anschlussart<\/td>\n<td>Schraubanschluss<\/td>\n<\/tr>\n<tr>\n<td>Erg\u00e4nzende Information<\/td>\n<td>Mit Dichtung im Deckel<\/td>\n<\/tr>\n<tr>\n<td>Erg\u00e4nzende Information<\/td>\n<td>Mit Gummit\u00fclle<\/td>\n<\/tr>\n<\/tbody>\n<\/table>\n<\/p><\/div>\n<p>                <span style=\"font-size:1px;color:white\">Typ S, Schraubkontakten, NFZ, Anh\u00e4nger, Auflieger, Trailer, 24Volt, 7-pol, 7 pole, 7polig, mit H\u00fclse, nach ISO 3731, LKW, Beleuchtung, Strom, Landwirtschaft, Metall, Aluminium, Anh\u00e4ngersteckdose, Landwirtschaft<\/span><\/p>\n<h4>OE &amp; OEM Referenznummern:<\/h4>\n<p><a href=\"https:\/\/lkw-teile-truckmotive.de\/products\/24802662\">24802662<\/a>, <a href=\"https:\/\/lkw-teile-truckmotive.de\/products\/600753822\">600753822<\/a>, <a href=\"https:\/\/lkw-teile-truckmotive.de\/products\/8JB003834001\">8JB003834001<\/a>, <a href=\"https:\/\/lkw-teile-truckmotive.de\/products\/8JB003834001HELLA\">8JB003834001HELLA<\/a>, <a href=\"https:\/\/lkw-teile-truckmotive.de\/products\/0001376\">0001376<\/a>, <a href=\"https:\/\/lkw-teile-truckmotive.de\/products\/00001376\">00001376<\/a>, <a href=\"https:\/\/lkw-teile-truckmotive.de\/products\/005792087\">005792087<\/a>, <a href=\"https:\/\/lkw-teile-truckmotive.de\/products\/0005792087\">0005792087<\/a>, <a href=\"https:\/\/lkw-teile-truckmotive.de\/products\/03659\">03659<\/a>, <a href=\"https:\/\/lkw-teile-truckmotive.de\/products\/003659\">003659<\/a>, <a href=\"https:\/\/lkw-teile-truckmotive.de\/products\/03834001\">03834001<\/a>, <a href=\"https:\/\/lkw-teile-truckmotive.de\/products\/003834001\">003834001<\/a>, <a href=\"https:\/\/lkw-teile-truckmotive.de\/products\/0581600\">0581600<\/a>, <a href=\"https:\/\/lkw-teile-truckmotive.de\/products\/00581600\">00581600<\/a>, <a href=\"https:\/\/lkw-teile-truckmotive.de\/products\/0581690\">0581690<\/a>, <a href=\"https:\/\/lkw-teile-truckmotive.de\/products\/00581690\">00581690<\/a>, <a href=\"https:\/\/lkw-teile-truckmotive.de\/products\/0581700\">0581700<\/a>, <a href=\"https:\/\/lkw-teile-truckmotive.de\/products\/00581700\">00581700<\/a>, <a href=\"https:\/\/lkw-teile-truckmotive.de\/products\/05861\">05861<\/a>, <a href=\"https:\/\/lkw-teile-truckmotive.de\/products\/005861\">005861<\/a>, <a href=\"https:\/\/lkw-teile-truckmotive.de\/products\/10207200160\">10207200160<\/a>, <a href=\"https:\/\/lkw-teile-truckmotive.de\/products\/010207200160\">010207200160<\/a>, <a href=\"https:\/\/lkw-teile-truckmotive.de\/products\/130032\">130032<\/a>, <a href=\"https:\/\/lkw-teile-truckmotive.de\/products\/0130032\">0130032<\/a>, <a href=\"https:\/\/lkw-teile-truckmotive.de\/products\/270500000\">270500000<\/a>, <a href=\"https:\/\/lkw-teile-truckmotive.de\/products\/0270500000\">0270500000<\/a>, <a href=\"https:\/\/lkw-teile-truckmotive.de\/products\/47769\">47769<\/a>, <a href=\"https:\/\/lkw-teile-truckmotive.de\/products\/047769\">047769<\/a>, <a href=\"https:\/\/lkw-teile-truckmotive.de\/products\/5063\">5063<\/a>, <a href=\"https:\/\/lkw-teile-truckmotive.de\/products\/05063\">05063<\/a>, <a href=\"https:\/\/lkw-teile-truckmotive.de\/products\/60145\">60145<\/a>, <a href=\"https:\/\/lkw-teile-truckmotive.de\/products\/060145\">060145<\/a>, <a href=\"https:\/\/lkw-teile-truckmotive.de\/products\/90157117\">90157117<\/a>, <a href=\"https:\/\/lkw-teile-truckmotive.de\/products\/090157117\">090157117<\/a>, <a href=\"https:\/\/lkw-teile-truckmotive.de\/products\/95015\">95015<\/a>, <a href=\"https:\/\/lkw-teile-truckmotive.de\/products\/095015\">095015<\/a>, <a href=\"https:\/\/lkw-teile-truckmotive.de\/products\/986352125\">986352125<\/a>, <a href=\"https:\/\/lkw-teile-truckmotive.de\/products\/0986352125\">0986352125<\/a>, <a href=\"https:\/\/lkw-teile-truckmotive.de\/products\/100735\">100735<\/a>, <a href=\"https:\/\/lkw-teile-truckmotive.de\/products\/111065\">111065<\/a>, <a href=\"https:\/\/lkw-teile-truckmotive.de\/products\/111083\">111083<\/a>, <a href=\"https:\/\/lkw-teile-truckmotive.de\/products\/11117\">11117<\/a>, <a href=\"https:\/\/lkw-teile-truckmotive.de\/products\/1134634\">1134634<\/a>, <a href=\"https:\/\/lkw-teile-truckmotive.de\/products\/1301754\">1301754<\/a>, <a href=\"https:\/\/lkw-teile-truckmotive.de\/products\/1581328\">1581328<\/a>, <a href=\"https:\/\/lkw-teile-truckmotive.de\/products\/17834001\">17834001<\/a>, <a href=\"https:\/\/lkw-teile-truckmotive.de\/products\/1795\">1795<\/a>, <a href=\"https:\/\/lkw-teile-truckmotive.de\/products\/1865200361\">1865200361<\/a>, <a href=\"https:\/\/lkw-teile-truckmotive.de\/products\/1912038\">1912038<\/a>, <a href=\"https:\/\/lkw-teile-truckmotive.de\/products\/20044865\">20044865<\/a>, <a href=\"https:\/\/lkw-teile-truckmotive.de\/products\/20223818\">20223818<\/a>, <a href=\"https:\/\/lkw-teile-truckmotive.de\/products\/21264997\">21264997<\/a>, <a href=\"https:\/\/lkw-teile-truckmotive.de\/products\/24721019\">24721019<\/a>, <a href=\"https:\/\/lkw-teile-truckmotive.de\/products\/263995004\">263995004<\/a>, <a href=\"https:\/\/lkw-teile-truckmotive.de\/products\/2800090001\">2800090001<\/a>, <a href=\"https:\/\/lkw-teile-truckmotive.de\/products\/28972\">28972<\/a>, <a href=\"https:\/\/lkw-teile-truckmotive.de\/products\/3029\">3029<\/a>, <a href=\"https:\/\/lkw-teile-truckmotive.de\/products\/3171186\">3171186<\/a>, <a href=\"https:\/\/lkw-teile-truckmotive.de\/products\/35427048\">35427048<\/a>, <a href=\"https:\/\/lkw-teile-truckmotive.de\/products\/3560\">3560<\/a>, <a href=\"https:\/\/lkw-teile-truckmotive.de\/products\/39004899\">39004899<\/a>, <a href=\"https:\/\/lkw-teile-truckmotive.de\/products\/402749\">402749<\/a>, <a href=\"https:\/\/lkw-teile-truckmotive.de\/products\/4045200125\">4045200125<\/a>, <a href=\"https:\/\/lkw-teile-truckmotive.de\/products\/417332\">417332<\/a>, <a href=\"https:\/\/lkw-teile-truckmotive.de\/products\/422001100\">422001100<\/a>, <a href=\"https:\/\/lkw-teile-truckmotive.de\/products\/5003016\">5003016<\/a>, <a href=\"https:\/\/lkw-teile-truckmotive.de\/products\/5043703\">5043703<\/a>, <a href=\"https:\/\/lkw-teile-truckmotive.de\/products\/505806853\">505806853<\/a>, <a href=\"https:\/\/lkw-teile-truckmotive.de\/products\/5060400536\">5060400536<\/a>, <a href=\"https:\/\/lkw-teile-truckmotive.de\/products\/51305284\">51305284<\/a>, <a href=\"https:\/\/lkw-teile-truckmotive.de\/products\/52592\">52592<\/a>, <a href=\"https:\/\/lkw-teile-truckmotive.de\/products\/528652\">528652<\/a>, <a href=\"https:\/\/lkw-teile-truckmotive.de\/products\/56453\">56453<\/a>, <a href=\"https:\/\/lkw-teile-truckmotive.de\/products\/577071\">577071<\/a>, <a href=\"https:\/\/lkw-teile-truckmotive.de\/products\/58068530\">58068530<\/a>, <a href=\"https:\/\/lkw-teile-truckmotive.de\/products\/600753902\">600753902<\/a>, <a href=\"https:\/\/lkw-teile-truckmotive.de\/products\/600753918\">600753918<\/a>, <a href=\"https:\/\/lkw-teile-truckmotive.de\/products\/605216301\">605216301<\/a>, <a href=\"https:\/\/lkw-teile-truckmotive.de\/products\/6611587\">6611587<\/a>, <a href=\"https:\/\/lkw-teile-truckmotive.de\/products\/6818340\">6818340<\/a>, <a href=\"https:\/\/lkw-teile-truckmotive.de\/products\/681937\">681937<\/a>, <a href=\"https:\/\/lkw-teile-truckmotive.de\/products\/7000447\">7000447<\/a>, <a href=\"https:\/\/lkw-teile-truckmotive.de\/products\/74400005\">74400005<\/a>, <a href=\"https:\/\/lkw-teile-truckmotive.de\/products\/74400009\">74400009<\/a>, <a href=\"https:\/\/lkw-teile-truckmotive.de\/products\/796912\">796912<\/a>, <a href=\"https:\/\/lkw-teile-truckmotive.de\/products\/8003944\">8003944<\/a>, <a href=\"https:\/\/lkw-teile-truckmotive.de\/products\/8179064\">8179064<\/a>, <a href=\"https:\/\/lkw-teile-truckmotive.de\/products\/82254320035\">82254320035<\/a>, <a href=\"https:\/\/lkw-teile-truckmotive.de\/products\/8800703SX\">8800703SX<\/a>, <a href=\"https:\/\/lkw-teile-truckmotive.de\/products\/88234\">88234<\/a>, <a href=\"https:\/\/lkw-teile-truckmotive.de\/products\/99707000447\">99707000447<\/a>, <a href=\"https:\/\/lkw-teile-truckmotive.de\/products\/99710107\">99710107<\/a>, <a href=\"https:\/\/lkw-teile-truckmotive.de\/products\/B1701252\">B1701252<\/a>, <a href=\"https:\/\/lkw-teile-truckmotive.de\/products\/BK9001189\">BK9001189<\/a>, <a href=\"https:\/\/lkw-teile-truckmotive.de\/products\/J11600028\">J11600028<\/a>, <a href=\"https:\/\/lkw-teile-truckmotive.de\/products\/KT61010\">KT61010<\/a>, <a href=\"https:\/\/lkw-teile-truckmotive.de\/products\/S060145\">S060145<\/a>, <a href=\"https:\/\/lkw-teile-truckmotive.de\/products\/SOS07PLA\">SOS07PLA<\/a>, <a href=\"https:\/\/lkw-teile-truckmotive.de\/products\/T720016\">T720016<\/a>, <a href=\"https:\/\/lkw-teile-truckmotive.de\/products\/TW00235\">TW00235<\/a><\/p>\n<p><span style=\"font-size:12px\"><b>Hinweis: <\/b><br \/>Alle aufgef\u00fchrten Marken, Referenzen sowie Vergleichsnummern dienen lediglich dem Vergleichszweck.<br \/>\nDie angebotenen Artikel sind, sofern nicht anders angegeben, Nachbauteile in Erstausr\u00fcsterqualit\u00e4t.<\/span><\/p>\n<details>\n<summary style=\"cursor: pointer;color: #06c;font-size: 15px\">Herstellerinformation<\/summary>\n<div class=\"manufacturer-info\" style=\"padding: 10px;border: 1px solid #888;margin-top: 10px;background-color: #f9f9f9\">\n<p><b>Truckmotive GmbH<\/b><br \/>Welschenkamp 18<br \/>DE-47138 Duisburg &#8211; DE<br \/>Tel.: <br \/>Mail: hallo@truckmotive.de<\/p>\n<\/p><\/div>\n<\/details><\/div>\n","protected":false},"excerpt":{"rendered":"<div style=\"font-size:15px\">\n<p style=\"font-size:17px;color:black\"><b>Lieferumfang:<\/b><\/p>\n<p style=\"padding-top:6px\">1x Steckdose<\/p>\n<p><\/br><\/p>\n<p style=\"font-size:17px;color:black\"><b>Passend f\u00fcr<\/b><\/p>\n<ul style=\"padding-top:6px\">\n<li>LKW, NFZ, Anh\u00e4nger, Auflieger, Beleuchtung, Traktor, Baumaschine, Landmaschine, universal einsetzbar<\/li>\n<\/ul>\n<p><span style=\"font-size:12px\">Das Ersatzteil passt unter anderem f\u00fcr die oben genannten Modelle. Bitte pr\u00fcfen Sie die Ersatzteil-Nummer, um eine Fehlbestellung zu vermeiden. Nicht sicher, ob das Teil passt? Kontaktieren Sie uns!<\/span><\/p>\n<\/div>\n","protected":false},"featured_media":178023,"comment_status":"open","ping_status":"closed","template":"","meta":[],"_links":{"self":[{"href":"https:\/\/lkw-teile-truckmotive.de\/index.php\/wp-json\/wp\/v2\/product\/146084"}],"collection":[{"href":"https:\/\/lkw-teile-truckmotive.de\/index.php\/wp-json\/wp\/v2\/product"}],"about":[{"href":"https:\/\/lkw-teile-truckmotive.de\/index.php\/wp-json\/wp\/v2\/types\/product"}],"replies":[{"embeddable":true,"href":"https:\/\/lkw-teile-truckmotive.de\/index.php\/wp-json\/wp\/v2\/comments?post=146084"}],"wp:featuredmedia":[{"embeddable":true,"href":"https:\/\/lkw-teile-truckmotive.de\/index.php\/wp-json\/wp\/v2\/media\/178023"}],"wp:attachment":[{"href":"https:\/\/lkw-teile-truckmotive.de\/index.php\/wp-json\/wp\/v2\/media?parent=146084"}],"curies":[{"name":"wp","href":"https:\/\/api.w.org\/{rel}","templated":true}]}}