{"id":46502,"date":"2021-12-03T00:10:51","date_gmt":"2021-12-02T23:10:51","guid":{"rendered":"https:\/\/lkw-teile-truckmotive.de\/index.php\/produkt\/schraube-radnabe-m12x1-5-gueteklasse-12-9-passend-fuer-saf-und-bpw-trailer"},"modified":"2025-05-11T17:36:19","modified_gmt":"2025-05-11T15:36:19","slug":"schraube-radnabe-m12x1-5-gueteklasse-12-9-passend-fuer-saf-und-bpw-trailer","status":"publish","type":"product","link":"https:\/\/lkw-teile-truckmotive.de\/index.php\/produkt\/schraube-radnabe-m12x1-5-gueteklasse-12-9-passend-fuer-saf-und-bpw-trailer","title":{"rendered":"Schraube Radnabe M12X1.5 G\u00fcteklasse 12.9 passend f\u00fcr SAF und BPW Trailer"},"content":{"rendered":"<div style=\"font-size:15px\">\n<h4>Schraube Radnabe M12X1.5 G\u00fcteklasse 12.9 passend f\u00fcr SAF und BPW Trailer<\/h4>\n<div class=\"table_info\">\n<p>Original Teblox Schraube &#8211; Bremsscheibe<\/p>\n<table>\n<tr>\n<td>Kenngr\u00f6\u00dfe<\/td>\n<td>G<\/td>\n<\/tr>\n<tr>\n<td>G\u00fcteklasse<\/td>\n<td>12.9<\/td>\n<\/tr>\n<tr>\n<td>Gewindel\u00e4nge<\/td>\n<td>19mm<\/td>\n<\/tr>\n<tr>\n<td>Gewindema\u00df<\/td>\n<td>M12 x 1.5mm<\/td>\n<\/tr>\n<tr>\n<td>Schraubenl\u00e4nge unter Kopf<\/td>\n<td>75mm<\/td>\n<\/tr>\n<\/table>\n<\/p><\/div>\n<p>                <span style=\"font-size:1px;color:white\">LKW, NFZ, Nutzfahrzeug, Reparatur, Wartung, Ersatz, Teil, Austausch, Ersatzteil, DIN, ISO, Gewinde, L\u00e4nge, G\u00fcte, Klasse, Schraube, Radnabe, SAF, BPW, Trailer, Anh\u00e4nger, Auflieger, Bremse, Scheibe, Bremsscheibe<\/span><\/p>\n<h4>OE &amp; OEM Referenznummern:<\/h4>\n<p><a href=\"https:\/\/lkw-teile-truckmotive.de\/products\/6500518\">6500518<\/a>, <a href=\"https:\/\/lkw-teile-truckmotive.de\/products\/4375100512\">4375100512<\/a>, <a href=\"https:\/\/lkw-teile-truckmotive.de\/products\/4375100510\">4375100510<\/a>, <a href=\"https:\/\/lkw-teile-truckmotive.de\/products\/4.375.1005.12\">4.375.1005.12<\/a>, <a href=\"https:\/\/lkw-teile-truckmotive.de\/products\/STR-41004\">STR-41004<\/a><\/p>\n<p><span style=\"font-size:12px\"><b>Hinweis: <\/b><br \/>Alle aufgef\u00fchrten Marken, Referenzen sowie Vergleichsnummern dienen lediglich dem Vergleichszweck.<br \/>\nDie angebotenen Artikel sind, sofern nicht anders angegeben, Nachbauteile in Erstausr\u00fcsterqualit\u00e4t.<\/span><\/p>\n<details>\n<summary style=\"cursor: pointer;color: #06c;font-size: 15px\">Herstellerinformation<\/summary>\n<div class=\"manufacturer-info\" style=\"padding: 10px;border: 1px solid #888;margin-top: 10px;background-color: #f9f9f9\">\n<p><b>Truckmotive GmbH<\/b><br \/>Welschenkamp 18<br \/>DE-47138 Duisburg &#8211; DE<br \/>Tel.: <br \/>Mail: hallo@truckmotive.de<\/p>\n<\/p><\/div>\n<\/details><\/div>\n","protected":false},"excerpt":{"rendered":"<div style=\"font-size:15px\">\n<p style=\"font-size:17px;color:black\"><b>Lieferumfang:<\/b><\/p>\n<p style=\"padding-top:6px\">1x Schraube<\/p>\n<p><\/br><\/p>\n<p style=\"font-size:17px;color:black\"><b>Passend f\u00fcr<\/b><\/p>\n<ul style=\"padding-top:6px\">\n<li>SAF<\/li>\n<li>BPW<\/li>\n<\/ul>\n<p><span style=\"font-size:12px\">Das Ersatzteil passt unter anderem f\u00fcr die oben genannten Modelle. Bitte pr\u00fcfen Sie die Ersatzteil-Nummer, um eine Fehlbestellung zu vermeiden. Nicht sicher, ob das Teil passt? Kontaktieren Sie uns!<\/span><\/p>\n<\/div>\n","protected":false},"featured_media":150600,"comment_status":"open","ping_status":"closed","template":"","meta":[],"_links":{"self":[{"href":"https:\/\/lkw-teile-truckmotive.de\/index.php\/wp-json\/wp\/v2\/product\/46502"}],"collection":[{"href":"https:\/\/lkw-teile-truckmotive.de\/index.php\/wp-json\/wp\/v2\/product"}],"about":[{"href":"https:\/\/lkw-teile-truckmotive.de\/index.php\/wp-json\/wp\/v2\/types\/product"}],"replies":[{"embeddable":true,"href":"https:\/\/lkw-teile-truckmotive.de\/index.php\/wp-json\/wp\/v2\/comments?post=46502"}],"wp:featuredmedia":[{"embeddable":true,"href":"https:\/\/lkw-teile-truckmotive.de\/index.php\/wp-json\/wp\/v2\/media\/150600"}],"wp:attachment":[{"href":"https:\/\/lkw-teile-truckmotive.de\/index.php\/wp-json\/wp\/v2\/media?parent=46502"}],"curies":[{"name":"wp","href":"https:\/\/api.w.org\/{rel}","templated":true}]}}