{"id":46698,"date":"2021-12-03T00:17:03","date_gmt":"2021-12-02T23:17:03","guid":{"rendered":"https:\/\/lkw-teile-truckmotive.de\/index.php\/produkt\/ventil-abgasrueckfuehrung-51259020084-passend-fuer-man-tga-tgl-tgm-tgs-tgx-f2000-m2000-l2000"},"modified":"2025-05-11T18:02:53","modified_gmt":"2025-05-11T16:02:53","slug":"ventil-abgasrueckfuehrung-51259020084-passend-fuer-man-tga-tgl-tgm-tgs-tgx-f2000-m2000-l2000","status":"publish","type":"product","link":"https:\/\/lkw-teile-truckmotive.de\/index.php\/produkt\/ventil-abgasrueckfuehrung-51259020084-passend-fuer-man-tga-tgl-tgm-tgs-tgx-f2000-m2000-l2000","title":{"rendered":"Ventil Abgasr\u00fcckf\u00fchrung 51259020084 passend f\u00fcr MAN TGA, TGL, TGM, TGS, TGX, F2000, M2000, L2000"},"content":{"rendered":"<div style=\"font-size:15px\">\n<h4>Ventil Abgasr\u00fcckf\u00fchrung 51259020084 passend f\u00fcr MAN TGA, TGL, TGM, TGS, TGX, F2000, M2000, L2000<\/h4>\n<div class=\"table_info\">\n<p>Original MAN AGR Magnetventil<\/p>\n<table>\n<tr>\n<td>Ventilart<\/td>\n<td>Magnetventil<\/td>\n<\/tr>\n<tr>\n<td>Gewindema\u00df<\/td>\n<td>M12 x 1,5<\/td>\n<\/tr>\n<tr>\n<td>Betriebsdruck bis<\/td>\n<td>12.5 [bar]<\/td>\n<\/tr>\n<tr>\n<td>Betriebsart<\/td>\n<td>elektrisch<\/td>\n<\/tr>\n<\/table>\n<\/p><\/div>\n<p>                <span style=\"font-size:1px;color:white\">LKW, NFZ, Nutzfahrzeug, Reparatur, Wartung, Ersatz, Teil, Austausch, Ersatzteil, \u00dcberholung, Ventil, AGR, Abgas, R\u00fcckf\u00fchrung, Magnetventil, Bar, elektrisch, Norgren, MAN<\/span><\/p>\n<h4>OE &amp; OEM Referenznummern:<\/h4>\n<p><a href=\"https:\/\/lkw-teile-truckmotive.de\/products\/51259020123\">51259020123<\/a>, <a href=\"https:\/\/lkw-teile-truckmotive.de\/products\/51259020084\">51259020084<\/a>, <a href=\"https:\/\/lkw-teile-truckmotive.de\/products\/51259020082\">51259020082<\/a>, <a href=\"https:\/\/lkw-teile-truckmotive.de\/products\/4088506\">4088506<\/a><\/p>\n<p><span style=\"font-size:12px\"><b>Hinweis: <\/b><br \/>Alle aufgef\u00fchrten Marken, Referenzen sowie Vergleichsnummern dienen lediglich dem Vergleichszweck.<br \/>\nDie angebotenen Artikel sind, sofern nicht anders angegeben, Nachbauteile in Erstausr\u00fcsterqualit\u00e4t.<\/span><\/p>\n<details>\n<summary style=\"cursor: pointer;color: #06c;font-size: 15px\">Herstellerinformation<\/summary>\n<div class=\"manufacturer-info\" style=\"padding: 10px;border: 1px solid #888;margin-top: 10px;background-color: #f9f9f9\">\n<p>N.A.<\/p>\n<\/p><\/div>\n<\/details><\/div>\n","protected":false},"excerpt":{"rendered":"<div style=\"font-size:15px\">\n<p style=\"font-size:17px;color:black\"><b>Lieferumfang:<\/b><\/p>\n<p style=\"padding-top:6px\">1x AGR Magnetventi<\/p>\n<p><\/br><\/p>\n<p style=\"font-size:17px;color:black\"><b>Passend f\u00fcr<\/b><\/p>\n<ul style=\"padding-top:6px\">\n<li>MAN TGA, TGL, TGM, TGS, TGX<\/li>\n<li>MAN F2000, M2000, L2000<\/li>\n<\/ul>\n<p><span style=\"font-size:12px\">Das Ersatzteil passt unter anderem f\u00fcr die oben genannten Modelle. Bitte pr\u00fcfen Sie die Ersatzteil-Nummer, um eine Fehlbestellung zu vermeiden. Nicht sicher, ob das Teil passt? Kontaktieren Sie uns!<\/span><\/p>\n<\/div>\n","protected":false},"featured_media":151357,"comment_status":"open","ping_status":"closed","template":"","meta":[],"_links":{"self":[{"href":"https:\/\/lkw-teile-truckmotive.de\/index.php\/wp-json\/wp\/v2\/product\/46698"}],"collection":[{"href":"https:\/\/lkw-teile-truckmotive.de\/index.php\/wp-json\/wp\/v2\/product"}],"about":[{"href":"https:\/\/lkw-teile-truckmotive.de\/index.php\/wp-json\/wp\/v2\/types\/product"}],"replies":[{"embeddable":true,"href":"https:\/\/lkw-teile-truckmotive.de\/index.php\/wp-json\/wp\/v2\/comments?post=46698"}],"wp:featuredmedia":[{"embeddable":true,"href":"https:\/\/lkw-teile-truckmotive.de\/index.php\/wp-json\/wp\/v2\/media\/151357"}],"wp:attachment":[{"href":"https:\/\/lkw-teile-truckmotive.de\/index.php\/wp-json\/wp\/v2\/media?parent=46698"}],"curies":[{"name":"wp","href":"https:\/\/api.w.org\/{rel}","templated":true}]}}