{"id":46785,"date":"2021-12-03T00:20:17","date_gmt":"2021-12-02T23:20:17","guid":{"rendered":"https:\/\/lkw-teile-truckmotive.de\/index.php\/produkt\/zuendschloss-mit-2-schluesseln-passend-fuer-renault-midlum-2-premium-2-magnum-volvo-fl-fl2006"},"modified":"2026-03-24T13:28:53","modified_gmt":"2026-03-24T12:28:53","slug":"zuendschloss-mit-2-schluesseln-passend-fuer-renault-midlum-2-premium-2-magnum-volvo-fl-fl2006","status":"publish","type":"product","link":"https:\/\/lkw-teile-truckmotive.de\/index.php\/produkt\/zuendschloss-mit-2-schluesseln-passend-fuer-renault-midlum-2-premium-2-magnum-volvo-fl-fl2006","title":{"rendered":"Z\u00fcndschloss mit 2 Schl\u00fcsseln passend f\u00fcr Renault Midlum 2, Premium 2, Magnum, Volvo FL, FL2006"},"content":{"rendered":"<div style=\"font-size:15px\">\n<h4>Z\u00fcndschloss mit 2 Schl\u00fcsseln passend f\u00fcr Renault Midlum 2, Premium 2, Magnum, Volvo FL, FL2006<\/h4>\n<div class=\"table_info\">\n<p>Original Teblox Z\u00fcndschloss<\/p>\n<table>\n<tr>\n<td>Anzahl Schl\u00fcssel:<\/td>\n<td>2<\/td>\n<\/tr>\n<\/table>\n<\/p><\/div>\n<p>                <span style=\"font-size:1px;color:white\">LKW, NFZ, Nutzfahrzeug, Reparatur, Wartung, Ersatz, Teil, Austausch, Ersatzteil, Schloss, Z\u00fcndung, Z\u00fcndschloss, Renault, Volvo, Teblox<\/span><\/p>\n<h4>OE &amp; OEM Referenznummern:<\/h4>\n<p><a href=\"https:\/\/lkw-teile-truckmotive.de\/products\/21427735\">21427735<\/a>, <a href=\"https:\/\/lkw-teile-truckmotive.de\/products\/20718077\">20718077<\/a>, <a href=\"https:\/\/lkw-teile-truckmotive.de\/products\/5010590596\">5010590596<\/a>, <a href=\"https:\/\/lkw-teile-truckmotive.de\/products\/5001866578\">5001866578<\/a><\/p>\n<p><span style=\"font-size:12px\"><b>Hinweis: <\/b><br \/>Alle aufgef\u00fchrten Marken, Referenzen sowie Vergleichsnummern dienen lediglich dem Vergleichszweck.<br \/>\nDie angebotenen Artikel sind, sofern nicht anders angegeben, Nachbauteile in Erstausr\u00fcsterqualit\u00e4t.<\/span><\/p>\n<details>\n<summary style=\"cursor: pointer;color: #06c;font-size: 15px\">Herstellerinformation<\/summary>\n<div class=\"manufacturer-info\" style=\"padding: 10px;border: 1px solid #888;margin-top: 10px;background-color: #f9f9f9\">\n<p><b>Truckmotive GmbH<\/b><br \/>Welschenkamp 18<br \/>DE-47138 Duisburg &#8211; DE<br \/>Tel.: <br \/>Mail: hallo@truckmotive.de<\/p>\n<\/p><\/div>\n<\/details><\/div>\n","protected":false},"excerpt":{"rendered":"<div style=\"font-size:15px\">\n<p style=\"font-size:17px;color:black\"><b>Lieferumfang:<\/b><\/p>\n<p style=\"padding-top:6px\">1x Z\u00fcndschloss<\/p>\n<p><\/br><\/p>\n<p style=\"font-size:17px;color:black\"><b>Passend f\u00fcr<\/b><\/p>\n<ul style=\"padding-top:6px\">\n<li>Renault Trucks Midlum II, Premium II, Kerax, Magnum<\/li>\n<li>Volvo FL 2006, FE 2006<\/li>\n<\/ul>\n<p><span style=\"font-size:12px\">Das Ersatzteil passt unter anderem f\u00fcr die oben genannten Modelle. Bitte pr\u00fcfen Sie die Ersatzteil-Nummer, um eine Fehlbestellung zu vermeiden. Nicht sicher, ob das Teil passt? Kontaktieren Sie uns!<\/span><\/p>\n<\/div>\n","protected":false},"featured_media":177701,"comment_status":"open","ping_status":"closed","template":"","meta":[],"_links":{"self":[{"href":"https:\/\/lkw-teile-truckmotive.de\/index.php\/wp-json\/wp\/v2\/product\/46785"}],"collection":[{"href":"https:\/\/lkw-teile-truckmotive.de\/index.php\/wp-json\/wp\/v2\/product"}],"about":[{"href":"https:\/\/lkw-teile-truckmotive.de\/index.php\/wp-json\/wp\/v2\/types\/product"}],"replies":[{"embeddable":true,"href":"https:\/\/lkw-teile-truckmotive.de\/index.php\/wp-json\/wp\/v2\/comments?post=46785"}],"wp:featuredmedia":[{"embeddable":true,"href":"https:\/\/lkw-teile-truckmotive.de\/index.php\/wp-json\/wp\/v2\/media\/177701"}],"wp:attachment":[{"href":"https:\/\/lkw-teile-truckmotive.de\/index.php\/wp-json\/wp\/v2\/media?parent=46785"}],"curies":[{"name":"wp","href":"https:\/\/api.w.org\/{rel}","templated":true}]}}