{"id":46794,"date":"2021-12-03T00:20:30","date_gmt":"2021-12-02T23:20:30","guid":{"rendered":"https:\/\/lkw-teile-truckmotive.de\/index.php\/produkt\/leuchtmittel-birne-24v-4w-kontrollleuchte-positionslicht-universal-einsetzbar"},"modified":"2026-04-24T11:21:10","modified_gmt":"2026-04-24T09:21:10","slug":"leuchtmittel-birne-24v-4w-kontrollleuchte-positionslicht-universal-einsetzbar","status":"publish","type":"product","link":"https:\/\/lkw-teile-truckmotive.de\/index.php\/produkt\/leuchtmittel-birne-24v-4w-kontrollleuchte-positionslicht-universal-einsetzbar","title":{"rendered":"Leuchtmittel Birne 24V\/4W Kontrollleuchte Positionslicht universal einsetzbar"},"content":{"rendered":"<div style=\"font-size:15px\">\n<h4>Leuchtmittel Birne 24V\/4W Kontrollleuchte Positionslicht universal einsetzbar<\/h4>\n<div class=\"table_info\">\n<p>Original Hella Gl\u00fchlampe<\/p>\n<table>\n<tr>\n<td>Lampenart<\/td>\n<td>T4W<\/td>\n<\/tr>\n<tr>\n<td>Nennleistung<\/td>\n<td>4W<\/td>\n<\/tr>\n<tr>\n<td>Sockelausf\u00fchrung<\/td>\n<td>BA9s<\/td>\n<\/tr>\n<tr>\n<td>Spannung<\/td>\n<td>24V<\/td>\n<\/tr>\n<tr>\n<td>Pr\u00fcfzeichen<\/td>\n<td>&gt;ECE<\/td>\n<\/tr>\n<tr>\n<td>Leuchten Bauart<\/td>\n<td>Gl\u00fchlampe<\/td>\n<\/tr>\n<\/table>\n<\/p><\/div>\n<p>                <span style=\"font-size:1px;color:white\">LKW, Nutzfahrzeug, universal, universell, Gl\u00fch, Lampe, Gl\u00fchlampe, Gl\u00fchbirne, Birne, Kolbenform, Sockel, Sockelausf\u00fchrung, Nennleistung, Watt, Volt, w, V, Spannung, Hella, Licht, L\u00e4mpchen, Birnchen, gl\u00e4sern, links, rechts, Pr\u00fcfzeichen, ECE, Lampenart, Position, Kontrollleuchte, Positionsleuchte<\/span><\/p>\n<h4>OE &amp; OEM Referenznummern:<\/h4>\n<p><a href=\"https:\/\/lkw-teile-truckmotive.de\/products\/8GP+002+067-241\">8GP 002 067-241<\/a>, <a href=\"https:\/\/lkw-teile-truckmotive.de\/products\/8GP002067241\">8GP002067241<\/a>, <a href=\"https:\/\/lkw-teile-truckmotive.de\/products\/061301\">061301<\/a>, <a href=\"https:\/\/lkw-teile-truckmotive.de\/products\/060939\">060939<\/a>, <a href=\"https:\/\/lkw-teile-truckmotive.de\/products\/\"><\/a>, <a href=\"https:\/\/lkw-teile-truckmotive.de\/products\/20007050631\">20007050631<\/a>, <a href=\"https:\/\/lkw-teile-truckmotive.de\/products\/182025\">182025<\/a>, <a href=\"https:\/\/lkw-teile-truckmotive.de\/products\/607020308\">607020308<\/a>, <a href=\"https:\/\/lkw-teile-truckmotive.de\/products\/309768\">309768<\/a>, <a href=\"https:\/\/lkw-teile-truckmotive.de\/products\/N0177173\">N0177173<\/a>, <a href=\"https:\/\/lkw-teile-truckmotive.de\/products\/967711S\">967711S<\/a>, <a href=\"https:\/\/lkw-teile-truckmotive.de\/products\/173546\">173546<\/a>, <a href=\"https:\/\/lkw-teile-truckmotive.de\/products\/2615210045\">2615210045<\/a>, <a href=\"https:\/\/lkw-teile-truckmotive.de\/products\/7050631\">7050631<\/a>, <a href=\"https:\/\/lkw-teile-truckmotive.de\/products\/061297\">061297<\/a>, <a href=\"https:\/\/lkw-teile-truckmotive.de\/products\/1354877\">1354877<\/a>, <a href=\"https:\/\/lkw-teile-truckmotive.de\/products\/0309768\">0309768<\/a>, <a href=\"https:\/\/lkw-teile-truckmotive.de\/products\/5009099\">5009099<\/a>, <a href=\"https:\/\/lkw-teile-truckmotive.de\/products\/28311004\">28311004<\/a>, <a href=\"https:\/\/lkw-teile-truckmotive.de\/products\/0401969\">0401969<\/a>, <a href=\"https:\/\/lkw-teile-truckmotive.de\/products\/992518S\">992518S<\/a>, <a href=\"https:\/\/lkw-teile-truckmotive.de\/products\/3600136065\">3600136065<\/a>, <a href=\"https:\/\/lkw-teile-truckmotive.de\/products\/407731\">407731<\/a>, <a href=\"https:\/\/lkw-teile-truckmotive.de\/products\/N0177175\">N0177175<\/a>, <a href=\"https:\/\/lkw-teile-truckmotive.de\/products\/072601024900\">072601024900<\/a>, <a href=\"https:\/\/lkw-teile-truckmotive.de\/products\/005529\">005529<\/a>, <a href=\"https:\/\/lkw-teile-truckmotive.de\/products\/1813000025\">1813000025<\/a>, <a href=\"https:\/\/lkw-teile-truckmotive.de\/products\/N0177175\">N0177175<\/a>, <a href=\"https:\/\/lkw-teile-truckmotive.de\/products\/LSK0021004\">LSK0021004<\/a>, <a href=\"https:\/\/lkw-teile-truckmotive.de\/products\/N0177173\">N0177173<\/a>, <a href=\"https:\/\/lkw-teile-truckmotive.de\/products\/014314004\">014314004<\/a>, <a href=\"https:\/\/lkw-teile-truckmotive.de\/products\/6200012\">6200012<\/a>, <a href=\"https:\/\/lkw-teile-truckmotive.de\/products\/011028716\">011028716<\/a>, <a href=\"https:\/\/lkw-teile-truckmotive.de\/products\/5003097024\">5003097024<\/a>, <a href=\"https:\/\/lkw-teile-truckmotive.de\/products\/060939\">060939<\/a>, <a href=\"https:\/\/lkw-teile-truckmotive.de\/products\/061301\">061301<\/a>, <a href=\"https:\/\/lkw-teile-truckmotive.de\/products\/81259010008\">81259010008<\/a>, <a href=\"https:\/\/lkw-teile-truckmotive.de\/products\/6070203\">6070203<\/a>, <a href=\"https:\/\/lkw-teile-truckmotive.de\/products\/\"><\/a>, <a href=\"https:\/\/lkw-teile-truckmotive.de\/products\/1987302512\">1987302512<\/a>, <a href=\"https:\/\/lkw-teile-truckmotive.de\/products\/\"><\/a><\/p>\n<p><span style=\"font-size:12px\"><b>Hinweis: <\/b><br \/>Alle aufgef\u00fchrten Marken, Referenzen sowie Vergleichsnummern dienen lediglich dem Vergleichszweck.<br \/>\nDie angebotenen Artikel sind, sofern nicht anders angegeben, Nachbauteile in Erstausr\u00fcsterqualit\u00e4t.<\/span><\/p>\n<details>\n<summary style=\"cursor: pointer;color: #06c;font-size: 15px\">Herstellerinformation<\/summary>\n<div class=\"manufacturer-info\" style=\"padding: 10px;border: 1px solid #888;margin-top: 10px;background-color: #f9f9f9\">\n<p><b>HELLA GmbH &amp; Co. KGaA<\/b><br \/>Rixbecker Str. 75<br \/>DE-59552 Lippstadt &#8211; DE<br \/>Tel.: +49 (0) 2941\/38-0<br \/>Mail: info@forvia.com<\/p>\n<\/p><\/div>\n<\/details><\/div>\n","protected":false},"excerpt":{"rendered":"<div style=\"font-size:15px\">\n<p style=\"font-size:17px;color:black\"><b>Lieferumfang:<\/b><\/p>\n<p style=\"padding-top:6px\">1x Gl\u00fchlampe<\/p>\n<p><\/br><\/p>\n<p style=\"font-size:17px;color:black\"><b>Passend f\u00fcr<\/b><\/p>\n<ul style=\"padding-top:6px\">\n<li>universell einsetzbar<\/li>\n<\/ul>\n<p><span style=\"font-size:12px\">Das Ersatzteil passt unter anderem f\u00fcr die oben genannten Modelle. Bitte pr\u00fcfen Sie die Ersatzteil-Nummer, um eine Fehlbestellung zu vermeiden. Nicht sicher, ob das Teil passt? Kontaktieren Sie uns!<\/span><\/p>\n<\/div>\n","protected":false},"featured_media":179428,"comment_status":"open","ping_status":"closed","template":"","meta":[],"_links":{"self":[{"href":"https:\/\/lkw-teile-truckmotive.de\/index.php\/wp-json\/wp\/v2\/product\/46794"}],"collection":[{"href":"https:\/\/lkw-teile-truckmotive.de\/index.php\/wp-json\/wp\/v2\/product"}],"about":[{"href":"https:\/\/lkw-teile-truckmotive.de\/index.php\/wp-json\/wp\/v2\/types\/product"}],"replies":[{"embeddable":true,"href":"https:\/\/lkw-teile-truckmotive.de\/index.php\/wp-json\/wp\/v2\/comments?post=46794"}],"wp:featuredmedia":[{"embeddable":true,"href":"https:\/\/lkw-teile-truckmotive.de\/index.php\/wp-json\/wp\/v2\/media\/179428"}],"wp:attachment":[{"href":"https:\/\/lkw-teile-truckmotive.de\/index.php\/wp-json\/wp\/v2\/media?parent=46794"}],"curies":[{"name":"wp","href":"https:\/\/api.w.org\/{rel}","templated":true}]}}