{"id":46866,"date":"2021-12-03T00:23:39","date_gmt":"2021-12-02T23:23:39","guid":{"rendered":"https:\/\/lkw-teile-truckmotive.de\/index.php\/produkt\/leuchtmittel-birne-24v-h7-70w-halogen-universal-einsetzbar"},"modified":"2025-03-27T16:37:46","modified_gmt":"2025-03-27T15:37:46","slug":"leuchtmittel-birne-24v-h7-70w-halogen-universal-einsetzbar","status":"publish","type":"product","link":"https:\/\/lkw-teile-truckmotive.de\/index.php\/produkt\/leuchtmittel-birne-24v-h7-70w-halogen-universal-einsetzbar","title":{"rendered":"Leuchtmittel Birne 24V\/H7 70W Halogen universal einsetzbar"},"content":{"rendered":"<div style=\"font-size:15px\">\n<h4>Leuchtmittel Birne 24V\/H7 70W Halogen universal einsetzbar<\/h4>\n<div class=\"table_info\">\n<p>Original Hella Gl\u00fchlampe<\/p>\n<table>\n<tr>\n<td>Lampenart<\/td>\n<td>H7<\/td>\n<\/tr>\n<tr>\n<td>Nennleistung<\/td>\n<td>70W<\/td>\n<\/tr>\n<tr>\n<td>Sockelausf\u00fchrung<\/td>\n<td>PX26d<\/td>\n<\/tr>\n<tr>\n<td>Spannung<\/td>\n<td>24V<\/td>\n<\/tr>\n<tr>\n<td>Pr\u00fcfzeichen<\/td>\n<td>ECE<\/td>\n<\/tr>\n<tr>\n<td>Leuchten-Bauart<\/td>\n<td>Halogen<\/td>\n<\/tr>\n<\/table>\n<\/p><\/div>\n<p>                <span style=\"font-size:1px;color:white\">LKW, Nutzfahrzeug, universal, universell, Gl\u00fch, Lampe, Gl\u00fchlampe, Gl\u00fchbirne, Birne, Kolbenform, Sockel, Sockelausf\u00fchrung, Nennleistung, Watt, Volt, W, V, Spannung, Hella, Licht, L\u00e4mpchen, Birnchen, links, rechts, Pr\u00fcfzeichen, Lampenart, Leuchte, Leuchtmittel, Halogen, ECE, PX26D, H7<\/span><\/p>\n<h4>OE &amp; OEM Referenznummern:<\/h4>\n<p><a href=\"https:\/\/lkw-teile-truckmotive.de\/products\/8GH+007+157-241\">8GH 007 157-241<\/a>, <a href=\"https:\/\/lkw-teile-truckmotive.de\/products\/8GH007157241\">8GH007157241<\/a>, <a href=\"https:\/\/lkw-teile-truckmotive.de\/products\/8GH007157-24111077651\">8GH007157-24111077651<\/a>, <a href=\"https:\/\/lkw-teile-truckmotive.de\/products\/000000002142\">000000002142<\/a>, <a href=\"https:\/\/lkw-teile-truckmotive.de\/products\/503133059\">503133059<\/a>, <a href=\"https:\/\/lkw-teile-truckmotive.de\/products\/5001022066\">5001022066<\/a>, <a href=\"https:\/\/lkw-teile-truckmotive.de\/products\/1521270\">1521270<\/a>, <a href=\"https:\/\/lkw-teile-truckmotive.de\/products\/5001851567\">5001851567<\/a>, <a href=\"https:\/\/lkw-teile-truckmotive.de\/products\/982559S\">982559S<\/a>, <a href=\"https:\/\/lkw-teile-truckmotive.de\/products\/011077651\">011077651<\/a>, <a href=\"https:\/\/lkw-teile-truckmotive.de\/products\/16739295\">16739295<\/a>, <a href=\"https:\/\/lkw-teile-truckmotive.de\/products\/990037S\">990037S<\/a>, <a href=\"https:\/\/lkw-teile-truckmotive.de\/products\/1426627\">1426627<\/a>, <a href=\"https:\/\/lkw-teile-truckmotive.de\/products\/81259010091\">81259010091<\/a>, <a href=\"https:\/\/lkw-teile-truckmotive.de\/products\/1673338\">1673338<\/a>, <a href=\"https:\/\/lkw-teile-truckmotive.de\/products\/504071924\">504071924<\/a>, <a href=\"https:\/\/lkw-teile-truckmotive.de\/products\/1637338\">1637338<\/a>, <a href=\"https:\/\/lkw-teile-truckmotive.de\/products\/18160095\">18160095<\/a>, <a href=\"https:\/\/lkw-teile-truckmotive.de\/products\/10022145\">10022145<\/a>, <a href=\"https:\/\/lkw-teile-truckmotive.de\/products\/1987302471\">1987302471<\/a><\/p>\n<p><span style=\"font-size:12px\"><b>Hinweis: <\/b><br \/>Alle aufgef\u00fchrten Marken, Referenzen sowie Vergleichsnummern dienen lediglich dem Vergleichszweck.<br \/>\nDie angebotenen Artikel sind, sofern nicht anders angegeben, Nachbauteile in Erstausr\u00fcsterqualit\u00e4t.<\/span><\/p>\n<details>\n<summary style=\"cursor: pointer;color: #06c;font-size: 15px\">Herstellerinformation<\/summary>\n<div class=\"manufacturer-info\" style=\"padding: 10px;border: 1px solid #888;margin-top: 10px;background-color: #f9f9f9\">\n<p><b>HELLA GmbH &amp; Co. KGaA<\/b><br \/>Rixbecker Str. 75<br \/>DE-59552 Lippstadt &#8211; DE<br \/>Tel.: +49 (0) 2941\/38-0<br \/>Mail: info@forvia.com<\/p>\n<\/p><\/div>\n<\/details><\/div>\n","protected":false},"excerpt":{"rendered":"<div style=\"font-size:15px\">\n<p style=\"font-size:17px;color:black\"><b>Lieferumfang:<\/b><\/p>\n<p style=\"padding-top:6px\">1x Gl\u00fchlampe<\/p>\n<p><\/br><\/p>\n<p style=\"font-size:17px;color:black\"><b>Passend f\u00fcr<\/b><\/p>\n<ul style=\"padding-top:6px\">\n<li>universal einsetzbar<\/li>\n<\/ul>\n<p><span style=\"font-size:12px\">Das Ersatzteil passt unter anderem f\u00fcr die oben genannten Modelle. Bitte pr\u00fcfen Sie die Ersatzteil-Nummer, um eine Fehlbestellung zu vermeiden. Nicht sicher, ob das Teil passt? Kontaktieren Sie uns!<\/span><\/p>\n<\/div>\n","protected":false},"featured_media":0,"comment_status":"open","ping_status":"closed","template":"","meta":[],"_links":{"self":[{"href":"https:\/\/lkw-teile-truckmotive.de\/index.php\/wp-json\/wp\/v2\/product\/46866"}],"collection":[{"href":"https:\/\/lkw-teile-truckmotive.de\/index.php\/wp-json\/wp\/v2\/product"}],"about":[{"href":"https:\/\/lkw-teile-truckmotive.de\/index.php\/wp-json\/wp\/v2\/types\/product"}],"replies":[{"embeddable":true,"href":"https:\/\/lkw-teile-truckmotive.de\/index.php\/wp-json\/wp\/v2\/comments?post=46866"}],"wp:attachment":[{"href":"https:\/\/lkw-teile-truckmotive.de\/index.php\/wp-json\/wp\/v2\/media?parent=46866"}],"curies":[{"name":"wp","href":"https:\/\/api.w.org\/{rel}","templated":true}]}}