{"id":47243,"date":"2021-12-03T00:37:41","date_gmt":"2021-12-02T23:37:41","guid":{"rendered":"https:\/\/lkw-teile-truckmotive.de\/index.php\/produkt\/ventil-relaisventil-9730110040-passend-fuer-daf-85cf-95xf-mercedes-benz-actros-2-3-atego-volvo-renault"},"modified":"2025-05-11T18:15:53","modified_gmt":"2025-05-11T16:15:53","slug":"ventil-relaisventil-9730110040-passend-fuer-daf-85cf-95xf-mercedes-benz-actros-2-3-atego-volvo-renault","status":"publish","type":"product","link":"https:\/\/lkw-teile-truckmotive.de\/index.php\/produkt\/ventil-relaisventil-9730110040-passend-fuer-daf-85cf-95xf-mercedes-benz-actros-2-3-atego-volvo-renault","title":{"rendered":"Ventil Relaisventil WABCO 9730110040 passend f\u00fcr DAF 85CF, 95XF, Mercedes-Benz Actros 2, 3, Atego, Volvo, Renault"},"content":{"rendered":"<div style=\"font-size:15px\">\n<h4>Ventil Relaisventil WABCO 9730110040 passend f\u00fcr DAF 85CF, 95XF, Mercedes-Benz Actros 2, 3, Atego, Volvo, Renault<\/h4>\n<div class=\"table_info\">\n<p>Original Wabco Relaisventil<\/p>\n<table>\n<tr>\n<td>Betriebsdruck bis<\/td>\n<td>10bar<\/td>\n<\/tr>\n<tr>\n<td>\u00d6ffnungsdruck<\/td>\n<td>0.2bar<\/td>\n<\/tr>\n<tr>\n<td>Gewindema\u00df 1<\/td>\n<td>M16 x 1.5mm<\/td>\n<\/tr>\n<tr>\n<td>Gewindema\u00df 2<\/td>\n<td>M22 x 1.5mm<\/td>\n<\/tr>\n<\/table>\n<\/p><\/div>\n<p>                <span style=\"font-size:1px;color:white\">LKW, NFZ, Nutzfahrzeug, Reparatur, Wartung, Ersatz, Teil, Austausch, Ersatzteil, \u00dcberholung, Ventil, Notventil, Druckaufbau, verk\u00fcrzen, Relaisventil, bremsen, erh\u00f6hen, verringern, Wabco, DAF, Volvo, Renault, Mercedes-Benz<\/span><\/p>\n<h4>OE &amp; OEM Referenznummern:<\/h4>\n<p><a href=\"https:\/\/lkw-teile-truckmotive.de\/products\/20590781\">20590781<\/a>, <a href=\"https:\/\/lkw-teile-truckmotive.de\/products\/0044296244\">0044296244<\/a>, <a href=\"https:\/\/lkw-teile-truckmotive.de\/products\/1305026R\">1305026R<\/a>, <a href=\"https:\/\/lkw-teile-truckmotive.de\/products\/1525397\">1525397<\/a>, <a href=\"https:\/\/lkw-teile-truckmotive.de\/products\/5010588146\">5010588146<\/a>, <a href=\"https:\/\/lkw-teile-truckmotive.de\/products\/1305026\">1305026<\/a>, <a href=\"https:\/\/lkw-teile-truckmotive.de\/products\/0044297844\">0044297844<\/a>, <a href=\"https:\/\/lkw-teile-truckmotive.de\/products\/1305026A\">1305026A<\/a>, <a href=\"https:\/\/lkw-teile-truckmotive.de\/products\/9730110040\">9730110040<\/a>, <a href=\"https:\/\/lkw-teile-truckmotive.de\/products\/0481026023000\">0481026023000<\/a><\/p>\n<p><span style=\"font-size:12px\"><b>Hinweis: <\/b><br \/>Alle aufgef\u00fchrten Marken, Referenzen sowie Vergleichsnummern dienen lediglich dem Vergleichszweck.<br \/>\nDie angebotenen Artikel sind, sofern nicht anders angegeben, Nachbauteile in Erstausr\u00fcsterqualit\u00e4t.<\/span><\/p>\n<details>\n<summary style=\"cursor: pointer;color: #06c;font-size: 15px\">Herstellerinformation<\/summary>\n<div class=\"manufacturer-info\" style=\"padding: 10px;border: 1px solid #888;margin-top: 10px;background-color: #f9f9f9\">\n<p><b>ZF CV Systems Hannover GmbH Wabco<\/b><br \/>Am Lindener Hafen 21<br \/>DE-30453 Hannover &#8211; DE<br \/>Tel.: <br \/>Mail: direct.cvcs@tf.com<\/p>\n<\/p><\/div>\n<\/details><\/div>\n","protected":false},"excerpt":{"rendered":"<div style=\"font-size:15px\">\n<p style=\"font-size:17px;color:black\"><b>Lieferumfang:<\/b><\/p>\n<p style=\"padding-top:6px\">1x Relaisventil<\/p>\n<p><\/br><\/p>\n<p style=\"font-size:17px;color:black\"><b>Passend f\u00fcr<\/b><\/p>\n<ul style=\"padding-top:6px\">\n<li>DAF 85CF, 95XF<\/li>\n<li>Mercedes-Benz Actros 2, 3, Atego, Atego 2, Axor, Axor 2<\/li>\n<li>Renault Kerax, Premium<\/li>\n<li>Volvo FL<\/li>\n<\/ul>\n<p><span style=\"font-size:12px\">Das Ersatzteil passt unter anderem f\u00fcr die oben genannten Modelle. Bitte pr\u00fcfen Sie die Ersatzteil-Nummer, um eine Fehlbestellung zu vermeiden. Nicht sicher, ob das Teil passt? Kontaktieren Sie uns!<\/span><\/p>\n<\/div>\n","protected":false},"featured_media":151687,"comment_status":"open","ping_status":"closed","template":"","meta":[],"_links":{"self":[{"href":"https:\/\/lkw-teile-truckmotive.de\/index.php\/wp-json\/wp\/v2\/product\/47243"}],"collection":[{"href":"https:\/\/lkw-teile-truckmotive.de\/index.php\/wp-json\/wp\/v2\/product"}],"about":[{"href":"https:\/\/lkw-teile-truckmotive.de\/index.php\/wp-json\/wp\/v2\/types\/product"}],"replies":[{"embeddable":true,"href":"https:\/\/lkw-teile-truckmotive.de\/index.php\/wp-json\/wp\/v2\/comments?post=47243"}],"wp:featuredmedia":[{"embeddable":true,"href":"https:\/\/lkw-teile-truckmotive.de\/index.php\/wp-json\/wp\/v2\/media\/151687"}],"wp:attachment":[{"href":"https:\/\/lkw-teile-truckmotive.de\/index.php\/wp-json\/wp\/v2\/media?parent=47243"}],"curies":[{"name":"wp","href":"https:\/\/api.w.org\/{rel}","templated":true}]}}