{"id":47357,"date":"2021-12-03T00:40:25","date_gmt":"2021-12-02T23:40:25","guid":{"rendered":"https:\/\/lkw-teile-truckmotive.de\/index.php\/produkt\/handgriffe-fuer-kupplungskoepfe-rechteckig"},"modified":"2026-05-09T10:49:23","modified_gmt":"2026-05-09T08:49:23","slug":"handgriffe-fuer-kupplungskoepfe-rechteckig","status":"publish","type":"product","link":"https:\/\/lkw-teile-truckmotive.de\/index.php\/produkt\/handgriffe-fuer-kupplungskoepfe-rechteckig","title":{"rendered":"Handgriffe f\u00fcr Kupplungsk\u00f6pfe rechteckig"},"content":{"rendered":"<div style=\"font-size:15px\">\n<h4>Handgriffe f\u00fcr Kupplungsk\u00f6pfe rechteckig<\/h4>\n<div class=\"table_info\">\n<p>Handgriff Kupplungskopf<\/p>\n<table>\n<tbody>\n<tr>\n<td>Einbauort<\/td>\n<td>Kupplungsk\u00f6pfe<\/td>\n<\/tr>\n<tr>\n<td>Gewindema\u00df<\/td>\n<td>M16x1.5mm<\/td>\n<\/tr>\n<tr>\n<td>Satz<\/td>\n<td>\n<p>rot &amp; gelb<\/p>\n<\/td>\n<\/tr>\n<tr>\n<td>L\u00e4nge<\/td>\n<td>ca. 12cm<\/td>\n<\/tr>\n<tr>\n<td>Einsatzgebiet<\/td>\n<td>Auflieger, Zugmaschine, Traktor, LKW, Anh\u00e4nger<\/td>\n<\/tr>\n<\/tbody>\n<\/table>\n<\/p><\/div>\n<p>                <span style=\"font-size:1px;color:white\">Auflieger, Bremsanlage, Bremse, Druckluft, Druckluftanlage, Druckluftbremse, gelb &amp; rot, Griffst\u00fcck, Handgriff, Kuko Anschluss, Kuppelhilfe, Kupplungskopf verl\u00e4ngerung, Kupplungsk\u00f6pfe, LKW, Luftkupplung, M16x1,5, NFZ, pneumatisch, Traktor, Verl\u00e4ngerung, Verl\u00e4ngerungsgriff, Verl\u00e4ngerungsmuffe, Wendelgriff, Zugmaschine<\/span><\/p>\n<h4>OE &amp; OEM Referenznummern:<\/h4>\n<p><a href=\"https:\/\/lkw-teile-truckmotive.de\/products\/32454\">32454<\/a>, <a href=\"https:\/\/lkw-teile-truckmotive.de\/products\/1626812\">1626812<\/a>, <a href=\"https:\/\/lkw-teile-truckmotive.de\/products\/9.69300\">9.69300<\/a>, <a href=\"https:\/\/lkw-teile-truckmotive.de\/products\/8939000332\">8939000332<\/a>, <a href=\"https:\/\/lkw-teile-truckmotive.de\/products\/893+900+033+2\">893 900 033 2<\/a>, <a href=\"https:\/\/lkw-teile-truckmotive.de\/products\/02.050.7107.118\">02.050.7107.118<\/a><\/p>\n<p><span style=\"font-size:12px\"><b>Hinweis: <\/b><br \/>Alle aufgef\u00fchrten Marken, Referenzen sowie Vergleichsnummern dienen lediglich dem Vergleichszweck.<br \/>\nDie angebotenen Artikel sind, sofern nicht anders angegeben, Nachbauteile in Erstausr\u00fcsterqualit\u00e4t.<\/span><\/p>\n<details>\n<summary style=\"cursor: pointer;color: #06c;font-size: 15px\">Herstellerinformation<\/summary>\n<div class=\"manufacturer-info\" style=\"padding: 10px;border: 1px solid #888;margin-top: 10px;background-color: #f9f9f9\">\n<p><b>Truckmotive GmbH<\/b><br \/>Welschenkamp 18<br \/>DE-47138 Duisburg &#8211; DE<br \/>Tel.: <br \/>Mail: hallo@truckmotive.de<\/p>\n<\/p><\/div>\n<\/details><\/div>\n","protected":false},"excerpt":{"rendered":"<div style=\"font-size:15px\">\n<p style=\"font-size:17px;color:black\"><b>Lieferumfang:<\/b><\/p>\n<p style=\"padding-top:6px\">1x Handgriffset (rot &amp; gelb)<\/p>\n<p><\/br><\/p>\n<p style=\"font-size:17px;color:black\"><b>Passend f\u00fcr<\/b><\/p>\n<ul style=\"padding-top:6px\">\n\t\t\t\tUniversal einsetzbar\n\t\t\t\t<\/ul>\n<p><span style=\"font-size:12px\">Das Ersatzteil passt unter anderem f\u00fcr die oben genannten Modelle. Bitte pr\u00fcfen Sie die Ersatzteil-Nummer, um eine Fehlbestellung zu vermeiden. Nicht sicher, ob das Teil passt? Kontaktieren Sie uns!<\/span><\/p>\n<\/div>\n","protected":false},"featured_media":180589,"comment_status":"open","ping_status":"closed","template":"","meta":[],"_links":{"self":[{"href":"https:\/\/lkw-teile-truckmotive.de\/index.php\/wp-json\/wp\/v2\/product\/47357"}],"collection":[{"href":"https:\/\/lkw-teile-truckmotive.de\/index.php\/wp-json\/wp\/v2\/product"}],"about":[{"href":"https:\/\/lkw-teile-truckmotive.de\/index.php\/wp-json\/wp\/v2\/types\/product"}],"replies":[{"embeddable":true,"href":"https:\/\/lkw-teile-truckmotive.de\/index.php\/wp-json\/wp\/v2\/comments?post=47357"}],"wp:featuredmedia":[{"embeddable":true,"href":"https:\/\/lkw-teile-truckmotive.de\/index.php\/wp-json\/wp\/v2\/media\/180589"}],"wp:attachment":[{"href":"https:\/\/lkw-teile-truckmotive.de\/index.php\/wp-json\/wp\/v2\/media?parent=47357"}],"curies":[{"name":"wp","href":"https:\/\/api.w.org\/{rel}","templated":true}]}}