{"id":48040,"date":"2021-12-03T01:02:59","date_gmt":"2021-12-03T00:02:59","guid":{"rendered":"https:\/\/lkw-teile-truckmotive.de\/index.php\/produkt\/motor-geblaese-ohne-ventilator-passend-fuer-fahrzeuge-mit-standard-heizung-u-a-mercedes-volvo-renault-man"},"modified":"2025-05-11T18:55:56","modified_gmt":"2025-05-11T16:55:56","slug":"motor-geblaese-ohne-ventilator-passend-fuer-fahrzeuge-mit-standard-heizung-u-a-mercedes-volvo-renault-man","status":"publish","type":"product","link":"https:\/\/lkw-teile-truckmotive.de\/index.php\/produkt\/motor-geblaese-ohne-ventilator-passend-fuer-fahrzeuge-mit-standard-heizung-u-a-mercedes-volvo-renault-man","title":{"rendered":"Motor Gebl\u00e4se ohne Ventilator passend f\u00fcr Fahrzeuge mit Standard Heizung u. a. Mercedes, Volvo, Renault, MAN"},"content":{"rendered":"<div style=\"font-size:15px\">\n<h4>Motor Gebl\u00e4se ohne Ventilator passend f\u00fcr Fahrzeuge mit Standard Heizung u. a. Mercedes, Volvo, Renault, MAN<\/h4>\n<div class=\"table_info\">\n<p>Original Teblox Motor f\u00fcr Innenraumgebl\u00e4se<\/p>\n<table>\n<tr>\n<td>Spannung<\/td>\n<td>24V<\/td>\n<\/tr>\n<tr>\n<td>Nennleistung<\/td>\n<td>300W<\/td>\n<\/tr>\n<\/table>\n<\/p><\/div>\n<p>                <span style=\"font-size:1px;color:white\">LKW, NFZ, Nutzfahrzeug, Reparatur, Wartung, Ersatz, Teil, Austausch, Ersatzteil, Motor, Gebl\u00e4se, Gebl\u00e4semotor, Innenraumgebl\u00e4se, Heizung, Elektromotor<\/span><\/p>\n<h4>OE &amp; OEM Referenznummern:<\/h4>\n<p><a href=\"https:\/\/lkw-teile-truckmotive.de\/products\/3090909\">3090909<\/a>, <a href=\"https:\/\/lkw-teile-truckmotive.de\/products\/0018300308\">0018300308<\/a>, <a href=\"https:\/\/lkw-teile-truckmotive.de\/products\/5001875386\">5001875386<\/a>, <a href=\"https:\/\/lkw-teile-truckmotive.de\/products\/81619300055\">81619300055<\/a>, <a href=\"https:\/\/lkw-teile-truckmotive.de\/products\/8EW009160-641\">8EW009160-641<\/a>, <a href=\"https:\/\/lkw-teile-truckmotive.de\/products\/34146\">34146<\/a><\/p>\n<p><span style=\"font-size:12px\"><b>Hinweis: <\/b><br \/>Alle aufgef\u00fchrten Marken, Referenzen sowie Vergleichsnummern dienen lediglich dem Vergleichszweck.<br \/>\nDie angebotenen Artikel sind, sofern nicht anders angegeben, Nachbauteile in Erstausr\u00fcsterqualit\u00e4t.<\/span><\/p>\n<details>\n<summary style=\"cursor: pointer;color: #06c;font-size: 15px\">Herstellerinformation<\/summary>\n<div class=\"manufacturer-info\" style=\"padding: 10px;border: 1px solid #888;margin-top: 10px;background-color: #f9f9f9\">\n<p><b>Truckmotive GmbH<\/b><br \/>Welschenkamp 18<br \/>DE-47138 Duisburg &#8211; DE<br \/>Tel.: <br \/>Mail: hallo@truckmotive.de<\/p>\n<\/p><\/div>\n<\/details><\/div>\n","protected":false},"excerpt":{"rendered":"<div style=\"font-size:15px\">\n<p style=\"font-size:17px;color:black\"><b>Lieferumfang:<\/b><\/p>\n<p style=\"padding-top:6px\">1x Gebl\u00e4semotor<\/p>\n<p><\/br><\/p>\n<p style=\"font-size:17px;color:black\"><b>Passend f\u00fcr<\/b><\/p>\n<ul style=\"padding-top:6px\">\n<li>f\u00fcr Fahrzeuge mit Standard Heizung<\/li>\n<\/ul>\n<p><span style=\"font-size:12px\">Das Ersatzteil passt unter anderem f\u00fcr die oben genannten Modelle. Bitte pr\u00fcfen Sie die Ersatzteil-Nummer, um eine Fehlbestellung zu vermeiden. Nicht sicher, ob das Teil passt? Kontaktieren Sie uns!<\/span><\/p>\n<\/div>\n","protected":false},"featured_media":152703,"comment_status":"open","ping_status":"closed","template":"","meta":[],"_links":{"self":[{"href":"https:\/\/lkw-teile-truckmotive.de\/index.php\/wp-json\/wp\/v2\/product\/48040"}],"collection":[{"href":"https:\/\/lkw-teile-truckmotive.de\/index.php\/wp-json\/wp\/v2\/product"}],"about":[{"href":"https:\/\/lkw-teile-truckmotive.de\/index.php\/wp-json\/wp\/v2\/types\/product"}],"replies":[{"embeddable":true,"href":"https:\/\/lkw-teile-truckmotive.de\/index.php\/wp-json\/wp\/v2\/comments?post=48040"}],"wp:featuredmedia":[{"embeddable":true,"href":"https:\/\/lkw-teile-truckmotive.de\/index.php\/wp-json\/wp\/v2\/media\/152703"}],"wp:attachment":[{"href":"https:\/\/lkw-teile-truckmotive.de\/index.php\/wp-json\/wp\/v2\/media?parent=48040"}],"curies":[{"name":"wp","href":"https:\/\/api.w.org\/{rel}","templated":true}]}}