{"id":48196,"date":"2021-12-03T01:08:39","date_gmt":"2021-12-03T00:08:39","guid":{"rendered":"https:\/\/lkw-teile-truckmotive.de\/index.php\/produkt\/3-09e-1l-reinigungsmittel-office-clean-gt-alure-1l-zur-reinigung-von-moebeln-und-buerogeraeten"},"modified":"2025-05-11T19:00:32","modified_gmt":"2025-05-11T17:00:32","slug":"3-09e-1l-reinigungsmittel-office-clean-gt-alure-1l-zur-reinigung-von-moebeln-und-buerogeraeten","status":"publish","type":"product","link":"https:\/\/lkw-teile-truckmotive.de\/index.php\/produkt\/3-09e-1l-reinigungsmittel-office-clean-gt-alure-1l-zur-reinigung-von-moebeln-und-buerogeraeten","title":{"rendered":"(3.09\u20ac\/1l) Reinigungsmittel Office Clean GT Alure 1L, zur Reinigung von M\u00f6beln und B\u00fcroger\u00e4ten"},"content":{"rendered":"<div style=\"font-size:15px\">\n<h4>Reinigungsmittel Office Clean GT Alure 1L, zur Reinigung von M\u00f6beln und B\u00fcroger\u00e4ten<\/h4>\n<div class=\"table_info\">\n<p>Das Pr\u00e4parat zur allgemeinen Anwendung mit einem angenehmen parf\u00fcmierten Geruch.<br \/>\nHinterl\u00e4sst keine Schlieren, frischt auf und ist schonend f\u00fcr das zu reinigende Material; eignet sich besonders zum Einspr\u00fchen.<br \/>\nEntfernt Schlieren, Flecken und Fingerabdr\u00fccke.<\/p>\n<table>\n<tr>Anwendung:<\/tr>\n<tr>\n<td>M\u00f6bel, B\u00fcroger\u00e4te (Holz, Plastik, Laminat, Glas), Innenausstattung, Matte und gl\u00e4nzende Fl\u00e4chen, Feine Fl\u00e4chen und Ger\u00e4te<\/td>\n<\/tr>\n<\/table>\n<p>Anwendungsweise:<br \/>\nNicht verd\u00fcnnen. Mikrofasert\u00fccher benutzen.<br \/>\nFl\u00e4che vorsichtig mit einem Tuch polieren.<\/p>\n<p><span style=\"color: green\"><em>PH-Wert:7<\/em><\/span><\/p>\n<p><span style=\"text-decoration: underline\"><strong>Gefahr!<\/strong><\/span><\/p>\n<p><strong>Gefahrenhinweise:<\/strong><\/p>\n<ul>\n<li>H225 Fl\u00fcssigkeit und Dampf leicht entz\u00fcndbar.<\/li>\n<li>H319 Verursacht schwere Augenreizung.<\/li>\n<li>H336 Kann Schl\u00e4frigkeit und Benommenheit verursachen.<\/li>\n<\/ul>\n<\/p><\/div>\n<p>                <span style=\"font-size:1px;color:white\">Reiniger, Reinigung, L\u00f6sung, Einsatzbereit, Gebrauchsfertig, Putzmittel, reinigen, putzen, s\u00e4ubern, wischen, auffrischen, entfernen, erhalten, gl\u00e4nzend, streifenfrei, wohlduftend, B\u00fcro, M\u00f6bel, Innenausstattung, Holz, Glas, Kunststoff, Fingerabdr\u00fccke, Staub, Flecken<\/span><\/p>\n<h4>OE &amp; OEM Referenznummern:<\/h4>\n<p><a href=\"https:\/\/lkw-teile-truckmotive.de\/products\/WBB011A001BD000\">WBB011A001BD000<\/a><\/p>\n<p><span style=\"font-size:12px\"><b>Hinweis: <\/b><br \/>Alle aufgef\u00fchrten Marken, Referenzen sowie Vergleichsnummern dienen lediglich dem Vergleichszweck.<br \/>\nDie angebotenen Artikel sind, sofern nicht anders angegeben, Nachbauteile in Erstausr\u00fcsterqualit\u00e4t.<\/span><\/p>\n<details>\n<summary style=\"cursor: pointer;color: #06c;font-size: 15px\">Herstellerinformation<\/summary>\n<div class=\"manufacturer-info\" style=\"padding: 10px;border: 1px solid #888;margin-top: 10px;background-color: #f9f9f9\">\n<p>N.A.<\/p>\n<\/p><\/div>\n<\/details><\/div>\n","protected":false},"excerpt":{"rendered":"<div style=\"font-size:15px\">\n<p style=\"font-size:17px;color:black\"><b>Lieferumfang:<\/b><\/p>\n<p style=\"padding-top:6px\">1x Office Clean GT Alure 1L<\/p>\n<p><\/br><\/p>\n<p style=\"font-size:17px;color:black\"><b>Passend f\u00fcr<\/b><\/p>\n<ul style=\"padding-top:6px\">\n<li>M\u00f6bel, B\u00fcroger\u00e4te (Holz, Plastik, Laminat, Glas)<\/li>\n<li>Innenausstattung<\/li>\n<li>Matte und gl\u00e4nzende Fl\u00e4chen<\/li>\n<li>Feine Fl\u00e4chen und Ger\u00e4te<\/li>\n<\/ul>\n<p><span style=\"font-size:12px\">Das Ersatzteil passt unter anderem f\u00fcr die oben genannten Modelle. Bitte pr\u00fcfen Sie die Ersatzteil-Nummer, um eine Fehlbestellung zu vermeiden. Nicht sicher, ob das Teil passt? Kontaktieren Sie uns!<\/span><\/p>\n<\/div>\n","protected":false},"featured_media":152796,"comment_status":"open","ping_status":"closed","template":"","meta":[],"_links":{"self":[{"href":"https:\/\/lkw-teile-truckmotive.de\/index.php\/wp-json\/wp\/v2\/product\/48196"}],"collection":[{"href":"https:\/\/lkw-teile-truckmotive.de\/index.php\/wp-json\/wp\/v2\/product"}],"about":[{"href":"https:\/\/lkw-teile-truckmotive.de\/index.php\/wp-json\/wp\/v2\/types\/product"}],"replies":[{"embeddable":true,"href":"https:\/\/lkw-teile-truckmotive.de\/index.php\/wp-json\/wp\/v2\/comments?post=48196"}],"wp:featuredmedia":[{"embeddable":true,"href":"https:\/\/lkw-teile-truckmotive.de\/index.php\/wp-json\/wp\/v2\/media\/152796"}],"wp:attachment":[{"href":"https:\/\/lkw-teile-truckmotive.de\/index.php\/wp-json\/wp\/v2\/media?parent=48196"}],"curies":[{"name":"wp","href":"https:\/\/api.w.org\/{rel}","templated":true}]}}