{"id":48250,"date":"2021-12-03T01:09:42","date_gmt":"2021-12-03T00:09:42","guid":{"rendered":"https:\/\/lkw-teile-truckmotive.de\/index.php\/produkt\/4-17e-1l-reinigungsmittel-whirlpool-reiniger-1l-zur-reinigung-von-badewannen-mit-hydromassage-system"},"modified":"2025-05-11T19:01:57","modified_gmt":"2025-05-11T17:01:57","slug":"4-17e-1l-reinigungsmittel-whirlpool-reiniger-1l-zur-reinigung-von-badewannen-mit-hydromassage-system","status":"publish","type":"product","link":"https:\/\/lkw-teile-truckmotive.de\/index.php\/produkt\/4-17e-1l-reinigungsmittel-whirlpool-reiniger-1l-zur-reinigung-von-badewannen-mit-hydromassage-system","title":{"rendered":"(5.83\u20ac\/1l) Reinigungsmittel Whirlpool-Reiniger 1L, zur Reinigung von Badewannen mit Hydromassage-System"},"content":{"rendered":"<div style=\"font-size:15px\">\n<h4>Reinigungsmittel Whirlpool-Reiniger 1L, zur Reinigung von Badewannen mit Hydromassage-System<\/h4>\n<div class=\"table_info\">\n<p>Gebrauchsfertiges Produkt zur Reinigung von Badewannen mit Hydromassagesystem.<br \/>\nEntfernt wirkungsvoll Kalkablagerungen, Fett, Seifenreste und Bade\u00f6le.<br \/>\nEnth\u00e4lt Milchs\u00e4ure und Teebaum\u00f6l zur Eind\u00e4mmung von Bakterienbildung.<br \/>\nSystematisch eingesetzt, sorgt es f\u00fcr eine, angenehme und st\u00f6rungsfreie Benutzung der Badewanne.<\/p>\n<table>\n<tr>Anwendung:<\/tr>\n<tr>\n<td>Whirlpools, Hydromassagesysteme<\/td>\n<\/tr>\n<\/table>\n<p>\nAnwendungsweise:<br \/>\nAutomatisches Dosiersystem &#8211; beachten Sie die Hinweise des Badherstellers.<br \/>\nAnsonsten die Wanne mit warmem Wasser bis ca. 3 cm \u00fcber die letzte D\u00fcsenreihe f\u00fcllen.<br \/>\n50 ml des Reinigers einf\u00fcllen und f\u00fcr 15 Minuten die Wanne in Betrieb nehmen.<br \/>\nAnschlie\u00dfend das D\u00fcsensystem und Wanne mit sauberem Wasser sp\u00fclen.<br \/>\nMindestens einmal alle 2 Wochen verwenden.<\/p>\n<p><span style=\"color: green\"><em>PH-Wert:1<\/em><\/span><\/p>\n<p><span style=\"text-decoration: underline\"><strong>Gefahr!<\/strong><\/span><\/p>\n<p><img loading=\"lazy\" src=\"https:\/\/lkw-teile-truckmotive.de\/erp-files\/files\/other\/acid1cols3.jpg\" width=\"96px\" height=\"96px\" \/><\/p>\n<p><strong>Gefahrenhinweise:<\/strong><\/p>\n<ul>\n<li>H290 Kann gegen\u00fcber Metallen korrosiv sein.<\/li>\n<li>H302 Gesundheitssch\u00e4dlich bei Verschlucken.<\/li>\n<li>H314 Verursacht schwere Ver\u00e4tzungen der Haut und schwere Augensch\u00e4den.<\/li>\n<li>H315 Verursacht Hautreizungen.<\/li>\n<li>H318 Verursacht schwere Augensch\u00e4den.<\/li>\n<li>H319 Verursacht schwere Augenreizung.<\/li>\n<li>H410 Sehr giftig f\u00fcr Wasserorganismen mit langfristiger Wirkung.<\/li>\n<\/ul>\n<p><strong>Sicherheitshinweise:<\/strong><\/p>\n<ul>\n<li>P305+P351+P338 BEI KONTAKT MIT DEN AUGEN: Einige Minuten lang behutsam mit Wasser<br \/>\nsp\u00fclen. Eventuell vorhandene Kontaktlinsen nach M\u00f6glichkeit entfernen. Weiter<br \/>\nsp\u00fclen.<\/li>\n<li>P310 Sofort GIFTINFORMATIONSZENTRUM\/Arzt\/\u2026 anrufen.<\/li>\n<\/ul>\n<\/p><\/div>\n<p>                <span style=\"font-size:1px;color:white\">Reiniger, Reinigung, L\u00f6sung, Konzentrat, Putzmittel, reinigen, putzen, s\u00e4ubern, wischen, auffrischen, entfernen, erhalten, effizient, Whirlpool, Hydromassage, Badewanne, Jacuzzi, D\u00fcsen, Bakterien, Fett, Seifenreste, Bade\u00f6l, zyklisch, Instandhaltung<\/span><\/p>\n<h4>OE &amp; OEM Referenznummern:<\/h4>\n<p><a href=\"https:\/\/lkw-teile-truckmotive.de\/products\/WTT048A001BF000\">WTT048A001BF000<\/a><\/p>\n<p><span style=\"font-size:12px\"><b>Hinweis: <\/b><br \/>Alle aufgef\u00fchrten Marken, Referenzen sowie Vergleichsnummern dienen lediglich dem Vergleichszweck.<br \/>\nDie angebotenen Artikel sind, sofern nicht anders angegeben, Nachbauteile in Erstausr\u00fcsterqualit\u00e4t.<\/span><\/p>\n<details>\n<summary style=\"cursor: pointer;color: #06c;font-size: 15px\">Herstellerinformation<\/summary>\n<div class=\"manufacturer-info\" style=\"padding: 10px;border: 1px solid #888;margin-top: 10px;background-color: #f9f9f9\">\n<p>N.A.<\/p>\n<\/p><\/div>\n<\/details><\/div>\n","protected":false},"excerpt":{"rendered":"<div style=\"font-size:15px\">\n<p style=\"font-size:17px;color:black\"><b>Lieferumfang:<\/b><\/p>\n<p style=\"padding-top:6px\">1x Whirlpool-Reiniger 1L<\/p>\n<p><\/br><\/p>\n<p style=\"font-size:17px;color:black\"><b>Passend f\u00fcr<\/b><\/p>\n<ul style=\"padding-top:6px\">\n<li>Whirlpools, Hydromassagesysteme<\/li>\n<\/ul>\n<p><span style=\"font-size:12px\">Das Ersatzteil passt unter anderem f\u00fcr die oben genannten Modelle. Bitte pr\u00fcfen Sie die Ersatzteil-Nummer, um eine Fehlbestellung zu vermeiden. Nicht sicher, ob das Teil passt? Kontaktieren Sie uns!<\/span><\/p>\n<\/div>\n","protected":false},"featured_media":152826,"comment_status":"open","ping_status":"closed","template":"","meta":[],"_links":{"self":[{"href":"https:\/\/lkw-teile-truckmotive.de\/index.php\/wp-json\/wp\/v2\/product\/48250"}],"collection":[{"href":"https:\/\/lkw-teile-truckmotive.de\/index.php\/wp-json\/wp\/v2\/product"}],"about":[{"href":"https:\/\/lkw-teile-truckmotive.de\/index.php\/wp-json\/wp\/v2\/types\/product"}],"replies":[{"embeddable":true,"href":"https:\/\/lkw-teile-truckmotive.de\/index.php\/wp-json\/wp\/v2\/comments?post=48250"}],"wp:featuredmedia":[{"embeddable":true,"href":"https:\/\/lkw-teile-truckmotive.de\/index.php\/wp-json\/wp\/v2\/media\/152826"}],"wp:attachment":[{"href":"https:\/\/lkw-teile-truckmotive.de\/index.php\/wp-json\/wp\/v2\/media?parent=48250"}],"curies":[{"name":"wp","href":"https:\/\/api.w.org\/{rel}","templated":true}]}}