{"id":60569,"date":"2022-02-03T12:16:05","date_gmt":"2022-02-03T11:16:05","guid":{"rendered":"https:\/\/lkw-teile-truckmotive.de\/index.php\/produkt\/ventil-druckbegrenzungsventil-vgl-4750103020-passend-fuer-daf-iveco-kempf-mercedes-scania-schmitz"},"modified":"2025-12-15T20:31:10","modified_gmt":"2025-12-15T19:31:10","slug":"ventil-druckbegrenzungsventil-vgl-4750103020-passend-fuer-daf-iveco-kempf-mercedes-scania-schmitz","status":"publish","type":"product","link":"https:\/\/lkw-teile-truckmotive.de\/index.php\/produkt\/ventil-druckbegrenzungsventil-vgl-4750103020-passend-fuer-daf-iveco-kempf-mercedes-scania-schmitz","title":{"rendered":"Ventil Druckbegrenzungsventil vgl. 4750103020 passend f\u00fcr DAF, Iveco, Kempf, Mercedes, Scania, Schmitz"},"content":{"rendered":"<div style=\"font-size:15px\">\n<h4>Ventil Druckbegrenzungsventil vgl. 4750103020 passend f\u00fcr DAF, Iveco, Kempf, Mercedes, Scania, Schmitz<\/h4>\n<div class=\"table_info\">\n<p>Teblox Druckbegrenzungsventil<\/p>\n<table>\n<tr>\n<td>Betriebsdruck max.<\/td>\n<td>20 Bar<\/td>\n<\/tr>\n<tr>\n<td>Gewindema\u00df<\/td>\n<td>M22x1,5<\/td>\n<\/tr>\n<tr>\n<td>F\u00f6rderdruck<\/td>\n<td>5,3 Bar<\/td>\n<\/tr>\n<\/table>\n<\/p><\/div>\n<p>                <span style=\"font-size:1px;color:white\">LKW, NFZ, Nutzfahrzeug, Reparatur, Wartung, Ersatz, Teil, Austausch, Ersatzteil, \u00dcberholung, Ventil, \u00dcberdruckventil, Sicherheitsventil, Druckbegrenzungsventil, Hydraulik, Gasdruck, \u00dcberdruckabsicherung, Pumpendruck, <\/span><\/p>\n<h4>OE &amp; OEM Referenznummern:<\/h4>\n<p><a href=\"https:\/\/lkw-teile-truckmotive.de\/products\/4750103020\">4750103020<\/a>, <a href=\"https:\/\/lkw-teile-truckmotive.de\/products\/4750103027\">4750103027<\/a>, <a href=\"https:\/\/lkw-teile-truckmotive.de\/products\/3404140R91\">3404140R91<\/a>, <a href=\"https:\/\/lkw-teile-truckmotive.de\/products\/4304140R91\">4304140R91<\/a>, <a href=\"https:\/\/lkw-teile-truckmotive.de\/products\/08417500\">08417500<\/a>, <a href=\"https:\/\/lkw-teile-truckmotive.de\/products\/104249\">104249<\/a>, <a href=\"https:\/\/lkw-teile-truckmotive.de\/products\/106703\">106703<\/a>, <a href=\"https:\/\/lkw-teile-truckmotive.de\/products\/1406784\">1406784<\/a>, <a href=\"https:\/\/lkw-teile-truckmotive.de\/products\/167846\">167846<\/a>, <a href=\"https:\/\/lkw-teile-truckmotive.de\/products\/638057\">638057<\/a>, <a href=\"https:\/\/lkw-teile-truckmotive.de\/products\/638058\">638058<\/a>, <a href=\"https:\/\/lkw-teile-truckmotive.de\/products\/641127\">641127<\/a>, <a href=\"https:\/\/lkw-teile-truckmotive.de\/products\/641128\">641128<\/a>, <a href=\"https:\/\/lkw-teile-truckmotive.de\/products\/646904\">646904<\/a>, <a href=\"https:\/\/lkw-teile-truckmotive.de\/products\/664735\">664735<\/a>, <a href=\"https:\/\/lkw-teile-truckmotive.de\/products\/692047\">692047<\/a>, <a href=\"https:\/\/lkw-teile-truckmotive.de\/products\/703271\">703271<\/a>, <a href=\"https:\/\/lkw-teile-truckmotive.de\/products\/02515829\">02515829<\/a>, <a href=\"https:\/\/lkw-teile-truckmotive.de\/products\/09926016\">09926016<\/a>, <a href=\"https:\/\/lkw-teile-truckmotive.de\/products\/61595603\">61595603<\/a>, <a href=\"https:\/\/lkw-teile-truckmotive.de\/products\/61596260\">61596260<\/a>, <a href=\"https:\/\/lkw-teile-truckmotive.de\/products\/61599528\">61599528<\/a>, <a href=\"https:\/\/lkw-teile-truckmotive.de\/products\/6897697\">6897697<\/a>, <a href=\"https:\/\/lkw-teile-truckmotive.de\/products\/2105002\">2105002<\/a>, <a href=\"https:\/\/lkw-teile-truckmotive.de\/products\/1218698\">1218698<\/a>, <a href=\"https:\/\/lkw-teile-truckmotive.de\/products\/502666808\">502666808<\/a>, <a href=\"https:\/\/lkw-teile-truckmotive.de\/products\/5029651\">5029651<\/a>, <a href=\"https:\/\/lkw-teile-truckmotive.de\/products\/5029663\">5029663<\/a>, <a href=\"https:\/\/lkw-teile-truckmotive.de\/products\/5029667\">5029667<\/a>, <a href=\"https:\/\/lkw-teile-truckmotive.de\/products\/5029678\">5029678<\/a>, <a href=\"https:\/\/lkw-teile-truckmotive.de\/products\/5029834\">5029834<\/a>, <a href=\"https:\/\/lkw-teile-truckmotive.de\/products\/502983408\">502983408<\/a>, <a href=\"https:\/\/lkw-teile-truckmotive.de\/products\/502983977\">502983977<\/a>, <a href=\"https:\/\/lkw-teile-truckmotive.de\/products\/5029993\">5029993<\/a>, <a href=\"https:\/\/lkw-teile-truckmotive.de\/products\/81521016058\">81521016058<\/a>, <a href=\"https:\/\/lkw-teile-truckmotive.de\/products\/81521616054\">81521616054<\/a>, <a href=\"https:\/\/lkw-teile-truckmotive.de\/products\/0014299044\">0014299044<\/a>, <a href=\"https:\/\/lkw-teile-truckmotive.de\/products\/5000438152\">5000438152<\/a>, <a href=\"https:\/\/lkw-teile-truckmotive.de\/products\/5000442713\">5000442713<\/a>, <a href=\"https:\/\/lkw-teile-truckmotive.de\/products\/5000607007\">5000607007<\/a>, <a href=\"https:\/\/lkw-teile-truckmotive.de\/products\/2090272\">2090272<\/a>, <a href=\"https:\/\/lkw-teile-truckmotive.de\/products\/318158\">318158<\/a>, <a href=\"https:\/\/lkw-teile-truckmotive.de\/products\/400555\">400555<\/a>, <a href=\"https:\/\/lkw-teile-truckmotive.de\/products\/050609\">050609<\/a>, <a href=\"https:\/\/lkw-teile-truckmotive.de\/products\/50609\">50609<\/a>, <a href=\"https:\/\/lkw-teile-truckmotive.de\/products\/S050609\">S050609<\/a>, <a href=\"https:\/\/lkw-teile-truckmotive.de\/products\/33716\">33716<\/a>, <a href=\"https:\/\/lkw-teile-truckmotive.de\/products\/41020637\">41020637<\/a>, <a href=\"https:\/\/lkw-teile-truckmotive.de\/products\/41031426\">41031426<\/a>, <a href=\"https:\/\/lkw-teile-truckmotive.de\/products\/6626859\">6626859<\/a>, <a href=\"https:\/\/lkw-teile-truckmotive.de\/products\/6775784\">6775784<\/a><\/p>\n<p><span style=\"font-size:12px\"><b>Hinweis: <\/b><br \/>Alle aufgef\u00fchrten Marken, Referenzen sowie Vergleichsnummern dienen lediglich dem Vergleichszweck.<br \/>\nDie angebotenen Artikel sind, sofern nicht anders angegeben, Nachbauteile in Erstausr\u00fcsterqualit\u00e4t.<\/span><\/p>\n<details>\n<summary style=\"cursor: pointer;color: #06c;font-size: 15px\">Herstellerinformation<\/summary>\n<div class=\"manufacturer-info\" style=\"padding: 10px;border: 1px solid #888;margin-top: 10px;background-color: #f9f9f9\">\n<p><b>Truckmotive GmbH<\/b><br \/>Welschenkamp 18<br \/>DE-47138 Duisburg &#8211; DE<br \/>Tel.: <br \/>Mail: hallo@truckmotive.de<\/p>\n<\/p><\/div>\n<\/details><\/div>\n","protected":false},"excerpt":{"rendered":"<div style=\"font-size:15px\">\n<p style=\"font-size:17px;color:black\"><b>Lieferumfang:<\/b><\/p>\n<p style=\"padding-top:6px\">1x Druckbegrenzungsventil<\/p>\n<p><\/br><\/p>\n<p style=\"font-size:17px;color:black\"><b>Passend f\u00fcr<\/b><\/p>\n<ul style=\"padding-top:6px\">\n<ul>\n<li>DAF<\/li>\n<li>Iveco<\/li>\n<li>Kempf<\/li>\n<li>Mercedes<\/li>\n<li>Scania<\/li>\n<li>Schmitz<\/li>\n<\/ul>\n<\/ul>\n<p><span style=\"font-size:12px\">Das Ersatzteil passt unter anderem f\u00fcr die oben genannten Modelle. Bitte pr\u00fcfen Sie die Ersatzteil-Nummer, um eine Fehlbestellung zu vermeiden. Nicht sicher, ob das Teil passt? Kontaktieren Sie uns!<\/span><\/p>\n<\/div>\n","protected":false},"featured_media":170055,"comment_status":"open","ping_status":"closed","template":"","meta":[],"_links":{"self":[{"href":"https:\/\/lkw-teile-truckmotive.de\/index.php\/wp-json\/wp\/v2\/product\/60569"}],"collection":[{"href":"https:\/\/lkw-teile-truckmotive.de\/index.php\/wp-json\/wp\/v2\/product"}],"about":[{"href":"https:\/\/lkw-teile-truckmotive.de\/index.php\/wp-json\/wp\/v2\/types\/product"}],"replies":[{"embeddable":true,"href":"https:\/\/lkw-teile-truckmotive.de\/index.php\/wp-json\/wp\/v2\/comments?post=60569"}],"wp:featuredmedia":[{"embeddable":true,"href":"https:\/\/lkw-teile-truckmotive.de\/index.php\/wp-json\/wp\/v2\/media\/170055"}],"wp:attachment":[{"href":"https:\/\/lkw-teile-truckmotive.de\/index.php\/wp-json\/wp\/v2\/media?parent=60569"}],"curies":[{"name":"wp","href":"https:\/\/api.w.org\/{rel}","templated":true}]}}