{"id":63732,"date":"2022-03-29T11:16:09","date_gmt":"2022-03-29T09:16:09","guid":{"rendered":"https:\/\/lkw-teile-truckmotive.de\/index.php\/produkt\/ventil-anhaengerbremsventil-vgl-9710028050-passend-fuer-schmitz-krone-koegel"},"modified":"2025-05-11T18:32:36","modified_gmt":"2025-05-11T16:32:36","slug":"ventil-anhaengerbremsventil-vgl-9710028050-passend-fuer-schmitz-krone-koegel","status":"publish","type":"product","link":"https:\/\/lkw-teile-truckmotive.de\/index.php\/produkt\/ventil-anhaengerbremsventil-vgl-9710028050-passend-fuer-schmitz-krone-koegel","title":{"rendered":"Ventil Anh\u00e4ngerbremsventil vgl. 9710028050 passend f\u00fcr Schmitz, Krone, K\u00f6gel"},"content":{"rendered":"<div style=\"font-size:15px\">\n<h4>Ventil Anh\u00e4ngerbremsventil vgl. 9710028050 passend f\u00fcr Schmitz, Krone, K\u00f6gel<\/h4>\n<div class=\"table_info\">\n<p><p><\/p>\n<p>Teblox Anh\u00e4ngerbremsventil<\/p>\n<table>\n<tbody>\n<tr>\n<td>Betriebsdruck max.<\/td>\n<td>8,5 Bar<\/td>\n<\/tr>\n<tr>\n<td>Gewindema\u00df<\/td>\n<td>M22x1,5 &amp; M16x1,5<\/td>\n<\/tr>\n<\/tbody>\n<\/table>\n<\/p><\/div>\n<p>                <span style=\"font-size:1px;color:white\">LKW, NFZ, Ersatz, Teil, Ersatzteil, Austausch, Reparatur, Wartung, \u00dcberholung, Anh\u00e4nger, Ventil, Steuerung, Anh\u00e4ngersteuerventil, Drucksteuerventil, Druck, Bremsventil, Anh\u00e4ngerbremsventil, Steuerventil, Schmitz, Krone, K\u00f6gel<\/span><\/p>\n<h4>OE &amp; OEM Referenznummern:<\/h4>\n<p><a href=\"https:\/\/lkw-teile-truckmotive.de\/products\/9710028050\">9710028050<\/a>, <a href=\"https:\/\/lkw-teile-truckmotive.de\/products\/9710028057\">9710028057<\/a>, <a href=\"https:\/\/lkw-teile-truckmotive.de\/products\/5870375\">5870375<\/a>, <a href=\"https:\/\/lkw-teile-truckmotive.de\/products\/1738442\">1738442<\/a>, <a href=\"https:\/\/lkw-teile-truckmotive.de\/products\/5058703750\">5058703750<\/a>, <a href=\"https:\/\/lkw-teile-truckmotive.de\/products\/505870375\">505870375<\/a>, <a href=\"https:\/\/lkw-teile-truckmotive.de\/products\/1664345\">1664345<\/a>, <a href=\"https:\/\/lkw-teile-truckmotive.de\/products\/5021170448\">5021170448<\/a>, <a href=\"https:\/\/lkw-teile-truckmotive.de\/products\/6500287\">6500287<\/a>, <a href=\"https:\/\/lkw-teile-truckmotive.de\/products\/057230\">057230<\/a>, <a href=\"https:\/\/lkw-teile-truckmotive.de\/products\/\"><\/a><\/p>\n<p><span style=\"font-size:12px\"><b>Hinweis: <\/b><br \/>Alle aufgef\u00fchrten Marken, Referenzen sowie Vergleichsnummern dienen lediglich dem Vergleichszweck.<br \/>\nDie angebotenen Artikel sind, sofern nicht anders angegeben, Nachbauteile in Erstausr\u00fcsterqualit\u00e4t.<\/span><\/p>\n<details>\n<summary style=\"cursor: pointer;color: #06c;font-size: 15px\">Herstellerinformation<\/summary>\n<div class=\"manufacturer-info\" style=\"padding: 10px;border: 1px solid #888;margin-top: 10px;background-color: #f9f9f9\">\n<p><b>Truckmotive GmbH<\/b><br \/>Welschenkamp 18<br \/>DE-47138 Duisburg &#8211; DE<br \/>Tel.: <br \/>Mail: hallo@truckmotive.de<\/p>\n<\/p><\/div>\n<\/details><\/div>\n","protected":false},"excerpt":{"rendered":"<div style=\"font-size:15px\">\n<p style=\"font-size:17px;color:black\"><b>Lieferumfang:<\/b><\/p>\n<p style=\"padding-top:6px\">1x Anh\u00e4ngerbremsventil<\/p>\n<p><\/br><\/p>\n<p style=\"font-size:17px;color:black\"><b>Passend f\u00fcr<\/b><\/p>\n<ul style=\"padding-top:6px\">\n<p><\/p>\n<ul>\n<li>Schmitz<\/li>\n<li>Krone<\/li>\n<li>K\u00f6gel<\/li>\n<\/ul>\n<\/ul>\n<p><span style=\"font-size:12px\">Das Ersatzteil passt unter anderem f\u00fcr die oben genannten Modelle. Bitte pr\u00fcfen Sie die Ersatzteil-Nummer, um eine Fehlbestellung zu vermeiden. Nicht sicher, ob das Teil passt? Kontaktieren Sie uns!<\/span><\/p>\n<\/div>\n","protected":false},"featured_media":152205,"comment_status":"open","ping_status":"closed","template":"","meta":[],"_links":{"self":[{"href":"https:\/\/lkw-teile-truckmotive.de\/index.php\/wp-json\/wp\/v2\/product\/63732"}],"collection":[{"href":"https:\/\/lkw-teile-truckmotive.de\/index.php\/wp-json\/wp\/v2\/product"}],"about":[{"href":"https:\/\/lkw-teile-truckmotive.de\/index.php\/wp-json\/wp\/v2\/types\/product"}],"replies":[{"embeddable":true,"href":"https:\/\/lkw-teile-truckmotive.de\/index.php\/wp-json\/wp\/v2\/comments?post=63732"}],"wp:featuredmedia":[{"embeddable":true,"href":"https:\/\/lkw-teile-truckmotive.de\/index.php\/wp-json\/wp\/v2\/media\/152205"}],"wp:attachment":[{"href":"https:\/\/lkw-teile-truckmotive.de\/index.php\/wp-json\/wp\/v2\/media?parent=63732"}],"curies":[{"name":"wp","href":"https:\/\/api.w.org\/{rel}","templated":true}]}}